000
CDUS46 KMFR 070036
CLIOTH


CLIMATE REPORT
NATIONAL WEATHER SERVICE MEDFORD, OR
536 PM PDT WED MAY 6 2015


...................................

...THE NORTH BEND OR CLIMATE SUMMARY FOR MAY 6 2015...
VALID TODAY AS OF 0500 PM LOCAL TIME.

CLIMATE NORMAL PERIOD 1981 TO 2010
CLIMATE RECORD PERIOD 1902 TO 2015


WEATHER ITEM   OBSERVED TIME   RECORD YEAR NORMAL DEPARTURE LAST
                VALUE   (LST)  VALUE       VALUE  FROM      YEAR
                                                  NORMAL
..................................................................
TEMPERATURE (F)
 TODAY
  MAXIMUM         59        MM  87    1949  58      1       57
  MINIMUM         45    300 AM  32    1919  46     -1       46
                                      1984
  AVERAGE         52                        52      0       52

PRECIPITATION (IN)
  TODAY            0.00          1.35 1963   0.12  -0.12     0.15
  MONTH TO DATE    0.00                      0.72  -0.72     0.46
  SINCE OCT 1     41.94                     57.59 -15.65    25.70
  SINCE JAN 1     18.64                     31.50 -12.86    20.08

SNOWFALL (IN)
  TODAY           MM                         0.0   MM       MM
  MONTH TO DATE   MM                         0.0   MM       MM
  SINCE JUL 1     MM                         0.4   MM        0.0
  SNOW DEPTH      MM

DEGREE DAYS
 HEATING
  TODAY           13                        13      0       13
  MONTH TO DATE   78                        82     -4       51
  SINCE MAR 1    931                      1094   -163      887
  SINCE JUL 1   3035                      4268  -1233     3684

 COOLING
  TODAY            0                         0      0        0
  MONTH TO DATE    0                         0      0        2
  SINCE MAR 1      0                         0      0       10
  SINCE JAN 1      0                         0      0       10
..................................................................


WIND (MPH)
  HIGHEST WIND SPEED    20   HIGHEST WIND DIRECTION     N (360)
  HIGHEST GUST SPEED    25   HIGHEST GUST DIRECTION     N (360)
  AVERAGE WIND SPEED     6.5


SKY COVER
  POSSIBLE SUNSHINE  MM
  AVERAGE SKY COVER 0.5


WEATHER CONDITIONS
 THE FOLLOWING WEATHER WAS RECORDED TODAY.
  NO SIGNIFICANT WEATHER WAS OBSERVED.


RELATIVE HUMIDITY (PERCENT)
 HIGHEST   100          1200 AM
 LOWEST     72          1100 AM

..........................................................


THE NORTH BEND OR CLIMATE NORMALS FOR TOMORROW
                         NORMAL    RECORD    YEAR
 MAXIMUM TEMPERATURE (F)   58        74      1987
 MINIMUM TEMPERATURE (F)   46        35      1929
                                             1990


SUNRISE AND SUNSET
MAY  6 2015...........SUNRISE   603 AM PDT   SUNSET   825 PM PDT
MAY  7 2015...........SUNRISE   602 AM PDT   SUNSET   826 PM PDT


-  INDICATES NEGATIVE NUMBERS.
R  INDICATES RECORD WAS SET OR TIED.
MM INDICATES DATA IS MISSING.
T  INDICATES TRACE AMOUNT.




$$
