000
CDUS45 KLKN 050935
CLIP68


CLIMATE REPORT
NATIONAL WEATHER SERVICE ELKO NV
235 AM PDT TUE MAY 5 2015


...................................

...THE EUREKA AIRPORT NV CLIMATE SUMMARY FOR MAY 4 2015...

CLIMATE NORMAL PERIOD 1981 TO 2010
CLIMATE RECORD PERIOD 1963 TO 2015


WEATHER ITEM   OBSERVED TIME   RECORD YEAR NORMAL DEPARTURE LAST
                VALUE   (LST)  VALUE       VALUE  FROM      YEAR
                                                  NORMAL
..................................................................
TEMPERATURE (F)
 YESTERDAY
  MAXIMUM         71   1132 AM  86    2004  65      6       78
  MINIMUM         40    432 AM  19    2001  32      8       34
  AVERAGE         56                        49      7       56

PRECIPITATION (IN)
  YESTERDAY        0.00          0.36 1980   0.03  -0.03     0.00
  MONTH TO DATE    0.01                      0.11  -0.10     0.00
  SINCE OCT 1      2.38                      5.74  -3.36     6.00
  SINCE JAN 1      1.26                      3.61  -2.35     3.60

DEGREE DAYS
 HEATING
  YESTERDAY        9                        16     -7        9
  MONTH TO DATE   32                        67    -35       33
  SINCE MAR 1   1312                      1586   -274     1400
  SINCE JUL 1   5355                      6871  -1516     6204

 COOLING
  YESTERDAY        0                         0      0        0
  MONTH TO DATE    0                         0      0        0
  SINCE MAR 1      0                         0      0        0
  SINCE JAN 1      0                         0      0        0
..................................................................


WIND (MPH)
  HIGHEST WIND SPEED    24   HIGHEST WIND DIRECTION    NW (310)
  HIGHEST GUST SPEED    29   HIGHEST GUST DIRECTION    NW (320)
  AVERAGE WIND SPEED     6.6




RELATIVE HUMIDITY (PERCENT)
 HIGHEST    65          1000 PM
 LOWEST     22           200 PM
 AVERAGE    44

..........................................................


THE EUREKA AIRPORT NV CLIMATE NORMALS FOR TODAY
                         NORMAL    RECORD    YEAR
 MAXIMUM TEMPERATURE (F)   66        82      2004
 MINIMUM TEMPERATURE (F)   32        20      1999
                                             1985


SUNRISE AND SUNSET
MAY  5 2015...........SUNRISE   540 AM PDT   SUNSET   741 PM PDT
MAY  6 2015...........SUNRISE   539 AM PDT   SUNSET   742 PM PDT


-  INDICATES NEGATIVE NUMBERS.
R  INDICATES RECORD WAS SET OR TIED.
MM INDICATES DATA IS MISSING.
T  INDICATES TRACE AMOUNT.




$$
