000
CDUS43 KPAH 190630
CLIPAH


CLIMATE REPORT
NATIONAL WEATHER SERVICE PADUCAH KY
129 AM CDT SUN APR 19 2015


...................................

...THE PADUCAH KY CLIMATE SUMMARY FOR APRIL 18 2015...

CLIMATE NORMAL PERIOD 1981 TO 2010
CLIMATE RECORD PERIOD 1937 TO 2015


WEATHER ITEM   OBSERVED TIME   RECORD YEAR NORMAL DEPARTURE LAST
                VALUE   (LST)  VALUE       VALUE  FROM      YEAR
                                                  NORMAL
..................................................................
TEMPERATURE (F)
 YESTERDAY
  MAXIMUM         80    337 PM  86    2006  70     10       76
                                      2002
  MINIMUM         56    549 AM  29    2001  47      9       46
  AVERAGE         68                        59      9       61

PRECIPITATION (IN)
  YESTERDAY        0.01          2.27 2013   0.17  -0.16     0.00
  MONTH TO DATE    4.97                      2.69   2.28     4.73
  SINCE MAR 1     13.70                      6.62   7.08     8.38
  SINCE JAN 1     20.99                     14.21   6.78    13.56

SNOWFALL (IN)
  YESTERDAY        0.0           0.5  1983   0.0    0.0      0.0
  MONTH TO DATE    0.0                       0.0    0.0      0.0
  SINCE MAR 1     12.1                       0.6   11.5      5.6
  SINCE JUL 1     28.6                       9.1   19.5     18.5
  SNOW DEPTH       0

DEGREE DAYS
 HEATING
  YESTERDAY        0                         7     -7        4
  MONTH TO DATE   67                       176   -109      152
  SINCE MAR 1    662                       699    -37      798
  SINCE JUL 1   4331                      3995    336     4453

 COOLING
  YESTERDAY        3                         1      2        0
  MONTH TO DATE   38                        18     20       21
  SINCE MAR 1     39                        25     14       21
  SINCE JAN 1     39                        25     14       21
..................................................................


WIND (MPH)
  HIGHEST WIND SPEED    13   HIGHEST WIND DIRECTION    SE (120)
  HIGHEST GUST SPEED    17   HIGHEST GUST DIRECTION     E (100)
  AVERAGE WIND SPEED     2.9


SKY COVER
  POSSIBLE SUNSHINE  MM
  AVERAGE SKY COVER 0.2


WEATHER CONDITIONS
 THE FOLLOWING WEATHER WAS RECORDED YESTERDAY.
  LIGHT RAIN
  FOG
  FOG W/VISIBILITY <= 1/4 MILE
  HAZE


RELATIVE HUMIDITY (PERCENT)
 HIGHEST   100           300 AM
 LOWEST     48           200 PM
 AVERAGE    74

..........................................................


THE PADUCAH KY CLIMATE NORMALS FOR TODAY
                         NORMAL    RECORD    YEAR
 MAXIMUM TEMPERATURE (F)   71        88      1971
 MINIMUM TEMPERATURE (F)   48        29      1983
                                             1953


SUNRISE AND SUNSET
APRIL 19 2015.........SUNRISE   616 AM CDT   SUNSET   733 PM CDT
APRIL 20 2015.........SUNRISE   614 AM CDT   SUNSET   734 PM CDT


-  INDICATES NEGATIVE NUMBERS.
R  INDICATES RECORD WAS SET OR TIED.
MM INDICATES DATA IS MISSING.
T  INDICATES TRACE AMOUNT.

.........................................................

***** AGRICULTURAL DATA *****

SOIL TEMPERATURES AT A DEPTH OF FOUR INCHES

UNDER GRASS...  MAXIMUM: 63  MINIMUM: 61


$$
