000
CDUS46 KPDT 280031
CLIPDT

CLIMATE REPORT
NATIONAL WEATHER SERVICE PENDLETON OR
531 PM PDT MON APR 27 2015


...................................

...THE PENDLETON OR CLIMATE SUMMARY FOR APRIL 27 2015...
VALID TODAY AS OF 0500 PM LOCAL TIME.

CLIMATE NORMAL PERIOD 1981 TO 2010
CLIMATE RECORD PERIOD 1890 TO 2015


WEATHER ITEM   OBSERVED TIME   RECORD YEAR NORMAL DEPARTURE LAST
                VALUE   (LST)  VALUE       VALUE  FROM      YEAR
                                                  NORMAL
..................................................................
TEMPERATURE (F)
 TODAY
  MAXIMUM         74    254 PM  95    1926  65      9       58
  MINIMUM         38    429 AM  29    1935  41     -3       39
                                      1918
  AVERAGE         56                        53      3       49

PRECIPITATION (IN)
  TODAY            0.00          1.24 1990   0.05  -0.05      T
  MONTH TO DATE    0.28                      1.08  -0.80     1.02
  SINCE OCT 1      7.72                      8.94  -1.22     7.43
  SINCE JAN 1      3.02                      4.94  -1.92     5.64

SNOWFALL (IN)
  TODAY            0.0           0.0  2002   0.0    0.0      0.0
                                      2001
                                      2000
  MONTH TO DATE    T                         0.0    0.0      0.0
  SINCE JAN 1      0.4                       7.7   -7.3     15.2
  SINCE JUL 1      7.2                      15.2   -8.0     21.7
  SNOW DEPTH       0

DEGREE DAYS
 HEATING
  TODAY            9                        12     -3       16
  MONTH TO DATE  447                       396     51      376
  SINCE MAR 1    917                      1013    -96      977
  SINCE JUL 1   4410                      4912   -502     5242

 COOLING
  TODAY            0                         0      0        0
  MONTH TO DATE    0                         0      0        0
  SINCE MAR 1      0                         0      0        0
  SINCE JAN 1      0                         0      0        0
..................................................................


WIND (MPH)
  HIGHEST WIND SPEED    16   HIGHEST WIND DIRECTION     N (10)
  HIGHEST GUST SPEED    22   HIGHEST GUST DIRECTION     N (20)
  AVERAGE WIND SPEED     6.9


SKY COVER
  POSSIBLE SUNSHINE  MM
  AVERAGE SKY COVER 0.1


WEATHER CONDITIONS
 THE FOLLOWING WEATHER WAS RECORDED TODAY.
  NO SIGNIFICANT WEATHER WAS OBSERVED.


RELATIVE HUMIDITY (PERCENT)
 HIGHEST    64           200 AM
 LOWEST     23           400 PM
 AVERAGE    44

..........................................................


THE PENDLETON OR CLIMATE NORMALS FOR TOMORROW
                         NORMAL    RECORD    YEAR
 MAXIMUM TEMPERATURE (F)   65        95      1926
 MINIMUM TEMPERATURE (F)   41        24      1907


SUNRISE AND SUNSET
APRIL 27 2015.........SUNRISE   550 AM PDT   SUNSET   757 PM PDT
APRIL 28 2015.........SUNRISE   548 AM PDT   SUNSET   759 PM PDT


-  INDICATES NEGATIVE NUMBERS.
R  INDICATES RECORD WAS SET OR TIED.
MM INDICATES DATA IS MISSING.
T  INDICATES TRACE AMOUNT.




$$
