000
CDUS41 KPBZ 060705
CLIPHD


CLIMATE REPORT
NATIONAL WEATHER SERVICE PITTSBURGH PA
304 AM EDT WED MAY 6 2015


...................................

...THE NEW PHILADELPHIA OH CLIMATE SUMMARY FOR MAY 5 2015...

CLIMATE NORMAL PERIOD 1981 TO 2010
CLIMATE RECORD PERIOD 1946 TO 2015


WEATHER ITEM   OBSERVED TIME   RECORD YEAR NORMAL DEPARTURE LAST
                VALUE   (LST)  VALUE       VALUE  FROM      YEAR
                                                  NORMAL
..................................................................
TEMPERATURE (F)
 YESTERDAY
  MAXIMUM         79    334 PM  85    2001  69     10       55
  MINIMUM         60            29    2005  44     16       34
  AVERAGE         70                        57     13       45

PRECIPITATION (IN)
  YESTERDAY        0.33         MM      MM   0.11   0.22     0.00
  MONTH TO DATE    0.49                      0.55  -0.06     0.09
  SINCE JUN 1     35.47                     35.28   0.19    36.52
  SINCE JAN 1     10.74                     11.98  -1.24    11.88

DEGREE DAYS
 HEATING
  YESTERDAY        0                         9     -9       20
  MONTH TO DATE   13                        46    -33       63
  SINCE MAR 1   1205                      1254    -49     1434
  SINCE JUL 1   5823                      5461    362     6067

 COOLING
  YESTERDAY        5                         0      5        0
  MONTH TO DATE    7                         0      7        0
  SINCE MAR 1     10                         7      3        1
  SINCE JAN 1     10                         7      3        1
..................................................................


WIND (MPH)
  HIGHEST WIND SPEED    17   HIGHEST WIND DIRECTION     N (360)
  HIGHEST GUST SPEED    22   HIGHEST GUST DIRECTION     N (350)
  AVERAGE WIND SPEED     1.3


SKY COVER
  POSSIBLE SUNSHINE  MM
  AVERAGE SKY COVER 0.6


WEATHER CONDITIONS
 THE FOLLOWING WEATHER WAS RECORDED YESTERDAY.
  THUNDERSTORM
  HEAVY RAIN
  RAIN
  LIGHT RAIN
  FOG
  FOG W/VISIBILITY <= 1/4 MILE
  HAZE


RELATIVE HUMIDITY (PERCENT)
 HIGHEST    97           300 AM
 LOWEST     54           300 PM
 AVERAGE    76

..........................................................


THE NEW PHILADELPHIA OH CLIMATE NORMALS FOR TODAY
                         NORMAL    RECORD    YEAR
 MAXIMUM TEMPERATURE (F)   69        85      1980
 MINIMUM TEMPERATURE (F)   45        25      1968


SUNRISE AND SUNSET
MAY  6 2015...........SUNRISE   619 AM EDT   SUNSET   826 PM EDT
MAY  7 2015...........SUNRISE   618 AM EDT   SUNSET   827 PM EDT


-  INDICATES NEGATIVE NUMBERS.
R  INDICATES RECORD WAS SET OR TIED.
MM INDICATES DATA IS MISSING.
T  INDICATES TRACE AMOUNT.




$$
