000
CDUS41 KPHI 032133
CLIPHL


CLIMATE REPORT
NATIONAL WEATHER SERVICE MOUNT HOLLY NJ
527 PM EDT SUN MAY 3 2015


...................................

...THE PHILADELPHIA PA CLIMATE SUMMARY FOR MAY 3 2015...
VALID TODAY AS OF 0500 PM LOCAL TIME.

CLIMATE NORMAL PERIOD 1981 TO 2010
CLIMATE RECORD PERIOD 1872 TO 2015


WEATHER ITEM   OBSERVED TIME   RECORD YEAR NORMAL DEPARTURE LAST
                VALUE   (LST)  VALUE       VALUE  FROM      YEAR
                                                  NORMAL
..................................................................
TEMPERATURE (F)
 TODAY
  MAXIMUM         80    352 PM  90    2001  70     10       70
                                      1913
  MINIMUM         49    512 AM  35    1986  50     -1       51
                                      1966
  AVERAGE         65                        60      5       61

PRECIPITATION (IN)
  TODAY            0.00          1.36 1985   0.11  -0.11     0.09
  MONTH TO DATE    0.00                      0.32  -0.32     0.13
  SINCE MAR 1      9.10                      7.67   1.43    11.05
  SINCE JAN 1     15.98                     13.35   2.63    19.72

SNOWFALL (IN)
  TODAY            0.0           0.0  1870   0.0    0.0      0.0
  MONTH TO DATE    0.0                       0.0    0.0      0.0
  SINCE MAR 1     12.0                       3.4    8.6      8.5
  SINCE JUL 1     27.0                      22.4    4.6     68.0
  SNOW DEPTH       0

DEGREE DAYS
 HEATING
  TODAY            0                         6     -6        4
  MONTH TO DATE   12                        19     -7        6
  SINCE MAR 1   1091                      1027     64     1146
  SINCE JUL 1   4744                      4509    235     4802

 COOLING
  TODAY            0                         1     -1        0
  MONTH TO DATE    0                         3     -3        6
  SINCE MAR 1      3                        16    -13       15
  SINCE JAN 1      3                        16    -13       15
..................................................................


WIND (MPH)
  HIGHEST WIND SPEED    10   HIGHEST WIND DIRECTION    SW (220)
  HIGHEST GUST SPEED    12   HIGHEST GUST DIRECTION    SW (240)
  AVERAGE WIND SPEED     4.3


SKY COVER
  POSSIBLE SUNSHINE  MM
  AVERAGE SKY COVER 0.5


WEATHER CONDITIONS
 THE FOLLOWING WEATHER WAS RECORDED TODAY.
  NO SIGNIFICANT WEATHER WAS OBSERVED.


RELATIVE HUMIDITY (PERCENT)
 HIGHEST    77           300 AM
 LOWEST     21           300 PM
 AVERAGE    49

..........................................................


THE PHILADELPHIA PA CLIMATE NORMALS FOR TOMORROW
                         NORMAL    RECORD    YEAR
 MAXIMUM TEMPERATURE (F)   70        91      2001
 MINIMUM TEMPERATURE (F)   50        35      1957


SUNRISE AND SUNSET
MAY  3 2015...........SUNRISE   559 AM EDT   SUNSET   757 PM EDT
MAY  4 2015...........SUNRISE   558 AM EDT   SUNSET   758 PM EDT


-  INDICATES NEGATIVE NUMBERS.
R  INDICATES RECORD WAS SET OR TIED.
MM INDICATES DATA IS MISSING.
T  INDICATES TRACE AMOUNT.




$$
