000
CDUS43 KILX 181245
CLIPIA


CLIMATE REPORT
NATIONAL WEATHER SERVICE LINCOLN IL
745 AM CDT SAT APR 18 2015


...................................

...THE PEORIA IL CLIMATE SUMMARY FOR APRIL 17 2015...

CLIMATE NORMAL PERIOD 1981 TO 2010
CLIMATE RECORD PERIOD 1883 TO 2015


WEATHER ITEM   OBSERVED TIME   RECORD YEAR NORMAL DEPARTURE LAST
                VALUE   (LST)  VALUE       VALUE  FROM      YEAR
                                                  NORMAL
..................................................................
TEMPERATURE (F)
 YESTERDAY
  MAXIMUM         82    330 PM  88    1894  64     18       58
  MINIMUM         53    526 AM  24    1907  42     11       40
  AVERAGE         68                        53     15       49

PRECIPITATION (IN)
  YESTERDAY        0.00          2.47 2013   0.12  -0.12      T
  MONTH TO DATE    2.09                      1.99   0.10     2.66
  SINCE MAR 1      2.74                      4.79  -2.05     4.60
  SINCE JAN 1      6.46                      8.36  -1.90     9.47

SNOWFALL (IN)
  YESTERDAY        0.0           4.0  1912   0.0    0.0      0.0
  MONTH TO DATE    0.0                       0.5   -0.5      0.3
  SINCE MAR 1      2.7                       3.2   -0.5      7.4
  SINCE JUL 1     27.0                      24.5    2.5     57.6
  SNOW DEPTH       0

DEGREE DAYS
 HEATING
  YESTERDAY        0                        13    -13       16
  MONTH TO DATE  124                       261   -137      268
  SINCE MAR 1    867                      1017   -150     1202
  SINCE JUL 1   5573                      5533     40     6381

 COOLING
  YESTERDAY        3                         0      3        0
  MONTH TO DATE    5                         0      5        4
  SINCE MAR 1      5                         1      4        4
  SINCE JAN 1      5                         1      4        4
..................................................................


WIND (MPH)
  HIGHEST WIND SPEED     8   HIGHEST WIND DIRECTION     S (190)
  HIGHEST GUST SPEED    10   HIGHEST GUST DIRECTION     W (260)
  AVERAGE WIND SPEED     1.2


SKY COVER
  POSSIBLE SUNSHINE  MM
  AVERAGE SKY COVER 0.2


WEATHER CONDITIONS
 THE FOLLOWING WEATHER WAS RECORDED YESTERDAY.
  FOG
  HAZE


RELATIVE HUMIDITY (PERCENT)
 HIGHEST    83           200 AM
 LOWEST     35           500 PM
 AVERAGE    59

..........................................................


THE PEORIA IL CLIMATE NORMALS FOR TODAY
                         NORMAL    RECORD    YEAR
 MAXIMUM TEMPERATURE (F)   64        91      2002
 MINIMUM TEMPERATURE (F)   43        24      1983


SUNRISE AND SUNSET
APRIL 18 2015.........SUNRISE   616 AM CDT   SUNSET   741 PM CDT
APRIL 19 2015.........SUNRISE   614 AM CDT   SUNSET   742 PM CDT


-  INDICATES NEGATIVE NUMBERS.
R  INDICATES RECORD WAS SET OR TIED.
MM INDICATES DATA IS MISSING.
T  INDICATES TRACE AMOUNT.




$$
