000
CDUS41 KPBZ 250702
CLIPIT

CLIMATE REPORT
NATIONAL WEATHER SERVICE PITTSBURGH PA
302 AM EDT SAT APR 25 2015

...................................

...THE PITTSBURGH PA CLIMATE SUMMARY FOR APRIL 24 2015...

CLIMATE NORMAL PERIOD 1981 TO 2010
CLIMATE RECORD PERIOD 1871 TO 2015

WEATHER ITEM   OBSERVED TIME   RECORD YEAR NORMAL DEPARTURE LAST
                VALUE   (LST)  VALUE       VALUE  FROM      YEAR
                                                  NORMAL
..................................................................
TEMPERATURE (F)
 YESTERDAY
  MAXIMUM         56    438 PM  90    1925  65     -9       60
  MINIMUM         28    551 AM  26    1930  43    -15       30
  AVERAGE         42                        54    -12       45

PRECIPITATION (IN)
  YESTERDAY        0.00          1.02 1966   0.10  -0.10     0.00
  MONTH TO DATE    3.32                      2.49   0.83     2.76
  SINCE JUN 1     32.88                     33.62  -0.74    33.37
  SINCE JAN 1     11.13                     10.53   0.60     9.06

SNOWFALL (IN)
  YESTERDAY        0.0           1.6  2005   0.1   -0.1      0.0
  MONTH TO DATE    T                         1.5   -1.5      0.1
  SINCE OCT 1     47.2                      41.9    5.3     63.4
  SINCE JUL 1     47.2                      41.9    5.3     63.4
  SNOW DEPTH       0

DEGREE DAYS
 HEATING
  YESTERDAY       23                        12     11       20
  MONTH TO DATE  263                       367   -104      317
  SINCE MAR 1   1161                      1155      6     1257
  SINCE JUL 1   5829                      5412    417     5788

 COOLING
  YESTERDAY        0                         0      0        0
  MONTH TO DATE    1                         0      1       10
  SINCE MAR 1      1                         1      0       10
  SINCE JAN 1      1                         1      0       10
..................................................................

WIND (MPH)
  HIGHEST WIND SPEED    26   HIGHEST WIND DIRECTION    NW (300)
  HIGHEST GUST SPEED    34   HIGHEST GUST DIRECTION    NW (300)
  AVERAGE WIND SPEED    10.4


SKY COVER
  POSSIBLE SUNSHINE  MM
  AVERAGE SKY COVER 0.3


WEATHER CONDITIONS
 THE FOLLOWING WEATHER WAS RECORDED YESTERDAY.
  NO SIGNIFICANT WEATHER WAS OBSERVED.


RELATIVE HUMIDITY (PERCENT)
 HIGHEST    78           300 AM
 LOWEST     24           400 PM
 AVERAGE    51

..........................................................


THE PITTSBURGH PA CLIMATE NORMALS FOR TODAY
                         NORMAL    RECORD    YEAR
 MAXIMUM TEMPERATURE (F)   65        87      2009
                                             1990
 MINIMUM TEMPERATURE (F)   43        27      1919


SUNRISE AND SUNSET
APRIL 25 2015.........SUNRISE   628 AM EDT   SUNSET   810 PM EDT
APRIL 26 2015.........SUNRISE   627 AM EDT   SUNSET   811 PM EDT


-  INDICATES NEGATIVE NUMBERS.
R  INDICATES RECORD WAS SET OR TIED.
MM INDICATES DATA IS MISSING.
T  INDICATES TRACE AMOUNT.

&&

SNOW DEPTH IS MEASURED AT 7 AM EST OR 8 AM EDT.

$$
