000
CDUS46 KPDT 190941
CLIPSC

CLIMATE REPORT
NATIONAL WEATHER SERVICE PENDLETON OR
241 AM PDT SUN APR 19 2015


...................................

...THE PASCO WA CLIMATE SUMMARY FOR APRIL 18 2015...

CLIMATE NORMAL PERIOD 1981 TO 2010
CLIMATE RECORD PERIOD 1948 TO 2015


WEATHER ITEM   OBSERVED TIME   RECORD YEAR NORMAL DEPARTURE LAST
                VALUE   (LST)  VALUE       VALUE  FROM      YEAR
                                                  NORMAL
..................................................................
TEMPERATURE (F)
 YESTERDAY
  MAXIMUM         74    513 PM  89    1994  68      6       66
  MINIMUM         39    513 AM  30    2002  39      0       34
  AVERAGE         57                        53      4       50

PRECIPITATION (IN)
  YESTERDAY        0.00          0.19 1963   0.02  -0.02     0.00
  MONTH TO DATE    0.18                      0.42  -0.24     0.12
  SINCE OCT 1      4.27                      6.24  -1.97     2.44
  SINCE JAN 1      1.90                      3.29  -1.39     1.86

SNOWFALL (IN)
  YESTERDAY        0.0
  SNOW DEPTH       0

DEGREE DAYS
 HEATING
  YESTERDAY        8                        12     -4       15
  MONTH TO DATE  271                       237     34      185
  SINCE MAR 1    720                       815    -95      744
  SINCE JUL 1   4176                      4698   -522     4973

 COOLING
  YESTERDAY        0                         0      0        0
  MONTH TO DATE    0                         0      0        0
  SINCE MAR 1      0                         0      0        0
  SINCE JAN 1      0                         0      0        0
..................................................................


WIND (MPH)
  RESULTANT WIND SPEED   1   RESULTANT WIND DIRECTION   N (10)
  HIGHEST WIND SPEED    14   HIGHEST WIND DIRECTION     N (360)
  HIGHEST GUST SPEED    19   HIGHEST GUST DIRECTION    NW (320)


SKY COVER
  POSSIBLE SUNSHINE  MM
  AVERAGE SKY COVER 0.0


WEATHER CONDITIONS
THE FOLLOWING WEATHER WAS RECORDED YESTERDAY.
  NO SIGNIFICANT WEATHER WAS OBSERVED.


RELATIVE HUMIDITY (PERCENT)
 HIGHEST    73
 LOWEST     17
 AVERAGE    45

..........................................................


THE PASCO WA CLIMATE NORMALS FOR TODAY
                         NORMAL    RECORD    YEAR
 MAXIMUM TEMPERATURE (F)   68        83      2010
 MINIMUM TEMPERATURE (F)   39        28      2011


SUNRISE AND SUNSET
APRIL 19 2015.........SUNRISE   603 AM PDT   SUNSET   749 PM PDT
APRIL 20 2015.........SUNRISE   601 AM PDT   SUNSET   750 PM PDT


-  INDICATES NEGATIVE NUMBERS.
R  INDICATES RECORD WAS SET OR TIED.
MM INDICATES DATA IS MISSING.
T  INDICATES TRACE AMOUNT.

$$
