000
CDUS46 KSGX 281434
CLIPSP


CLIMATE REPORT
NATIONAL WEATHER SERVICE SAN DIEGO, CA
734 AM PDT TUE APR 28 2015


...................................

...THE PALM SPRINGS INTL AIRPORT CA CLIMATE SUMMARY FOR APRIL 27 2015...

CLIMATE NORMAL PERIOD 1981 TO 2010
CLIMATE RECORD PERIOD 1893 TO 2015


WEATHER ITEM   OBSERVED TIME   RECORD YEAR NORMAL DEPARTURE LAST
                VALUE   (LST)  VALUE       VALUE  FROM      YEAR
                                                  NORMAL
..................................................................
TEMPERATURE (F)
 YESTERDAY
  MAXIMUM         91    326 PM 107    1996  88      3       80
  MINIMUM         65    145 AM  40    1932  60      5       56
  AVERAGE         78                        74      4       68

PRECIPITATION (IN)
  YESTERDAY        0.00          0.20 1944   0.00   0.00     0.00
  MONTH TO DATE    T                         0.10  -0.10     0.05
  SINCE OCT 1      2.09                      4.59  -2.50     0.93
  SINCE JAN 1      1.22                      2.74  -1.52     0.75

SNOWFALL (IN)
  YESTERDAY        0.0
  MONTH TO DATE    0.0
  SINCE MAR 1      0.0
  SINCE JUL 1      0.0
  SNOW DEPTH       0

DEGREE DAYS
 HEATING
  YESTERDAY        0                         0      0        0
  MONTH TO DATE    1                        17    -16        8
  SINCE MAR 1     30                        90    -60       20
  SINCE JUL 1    401                       868   -467      431

 COOLING
  YESTERDAY       13                         9      4        3
  MONTH TO DATE  221                       171     50      256
  SINCE MAR 1    532                       264    268      423
  SINCE JAN 1    652                       291    361      531
..................................................................


WIND (MPH)
  RESULTANT WIND SPEED   5   RESULTANT WIND DIRECTION   N (20)
  HIGHEST WIND SPEED    29   HIGHEST WIND DIRECTION     N (360)
  HIGHEST GUST SPEED    36   HIGHEST GUST DIRECTION     N (360)
  AVERAGE WIND SPEED     7.8


SKY COVER
  POSSIBLE SUNSHINE  MM
  AVERAGE SKY COVER 0.0


WEATHER CONDITIONS
 THE FOLLOWING WEATHER WAS RECORDED YESTERDAY.
  NO SIGNIFICANT WEATHER WAS OBSERVED.


RELATIVE HUMIDITY (PERCENT)
 HIGHEST    48           100 AM
 LOWEST      5          1200 PM
 AVERAGE    27

..........................................................


THE PALM SPRINGS INTL AIRPORT CA CLIMATE NORMALS FOR TODAY
                         NORMAL    RECORD    YEAR
 MAXIMUM TEMPERATURE (F)   88       106      2013
                                             2007
                                             1992
 MINIMUM TEMPERATURE (F)   60        40      1970


SUNRISE AND SUNSET
APRIL 28 2015.........SUNRISE   600 AM PDT   SUNSET   727 PM PDT
APRIL 29 2015.........SUNRISE   559 AM PDT   SUNSET   728 PM PDT


-  INDICATES NEGATIVE NUMBERS.
R  INDICATES RECORD WAS SET OR TIED.
MM INDICATES DATA IS MISSING.
T  INDICATES TRACE AMOUNT.




$$
