000
CDUS46 KSGX 251420
CLIRAL


CLIMATE REPORT
NATIONAL WEATHER SERVICE SAN DIEGO, CA
720 AM PDT SAT APR 25 2015


...................................

...THE RIVERSIDE MUNI AIRPORT CA CLIMATE SUMMARY FOR APRIL 24 2015...

CLIMATE NORMAL PERIOD 1981 TO 2010
CLIMATE RECORD PERIOD 1893 TO 2015


WEATHER ITEM   OBSERVED TIME   RECORD YEAR NORMAL DEPARTURE LAST
                VALUE   (LST)  VALUE       VALUE  FROM      YEAR
                                                  NORMAL
..................................................................
TEMPERATURE (F)
 YESTERDAY
  MAXIMUM         63    440 PM 102    1910  77    -14       83
  MINIMUM         56    533 AM  38    1963  52      4       52
                                      1961
                                      1937
  AVERAGE         60                        64     -4       68

PRECIPITATION (IN)
  YESTERDAY        0.00          0.25 2002   0.04  -0.04     0.00
  MONTH TO DATE    0.06                      0.64  -0.58     0.14
  SINCE OCT 1      4.84                     11.44  -6.60     2.49
  SINCE JAN 1      1.61                      8.63  -7.02     1.50

SNOWFALL (IN)
  YESTERDAY        0.0
  MONTH TO DATE    0.0
  SINCE MAR 1      0.0
  SINCE JUL 1      0.0
  SNOW DEPTH       0

DEGREE DAYS
 HEATING
  YESTERDAY        5                         3      2        0
  MONTH TO DATE   44                        94    -50       46
  SINCE MAR 1     99                       299   -200      121
  SINCE JUL 1    706                      1407   -701      783

 COOLING
  YESTERDAY        0                         2     -2        3
  MONTH TO DATE   34                        30      4       72
  SINCE MAR 1    163                        42    121      102
  SINCE JAN 1    187                        51    136      131
..................................................................


WIND (MPH)
  RESULTANT WIND SPEED   5   RESULTANT WIND DIRECTION   W (270)
  HIGHEST WIND SPEED    14   HIGHEST WIND DIRECTION     W (250)
  HIGHEST GUST SPEED    16   HIGHEST GUST DIRECTION     W (270)
  AVERAGE WIND SPEED     5.3


SKY COVER
  POSSIBLE SUNSHINE  MM
  AVERAGE SKY COVER 1.0


WEATHER CONDITIONS
 THE FOLLOWING WEATHER WAS RECORDED YESTERDAY.
  NO SIGNIFICANT WEATHER WAS OBSERVED.


RELATIVE HUMIDITY (PERCENT)
 HIGHEST    80           600 AM
 LOWEST     60          1000 AM
 AVERAGE    70

..........................................................


THE RIVERSIDE MUNI AIRPORT CA CLIMATE NORMALS FOR TODAY
                         NORMAL    RECORD    YEAR
 MAXIMUM TEMPERATURE (F)   77        98      2004
 MINIMUM TEMPERATURE (F)   52        37      1942


SUNRISE AND SUNSET
APRIL 25 2015.........SUNRISE   607 AM PDT   SUNSET   729 PM PDT
APRIL 26 2015.........SUNRISE   606 AM PDT   SUNSET   729 PM PDT


-  INDICATES NEGATIVE NUMBERS.
R  INDICATES RECORD WAS SET OR TIED.
MM INDICATES DATA IS MISSING.
T  INDICATES TRACE AMOUNT.




$$
