000
CDUS46 KSTO 270837
CLIRDD

CLIMATE REPORT
NATIONAL WEATHER SERVICE SACRAMENTO, CA
135 AM PDT MON APR 27 2015


...................................

...THE REDDING AIRPORT CA CLIMATE SUMMARY FOR APRIL 26 2015...

CLIMATE NORMAL PERIOD 1981 TO 2010
CLIMATE RECORD PERIOD 1986 TO 2015


WEATHER ITEM   OBSERVED RECORD YEAR NORMAL DEPARTURE LAST
                VALUE   VALUE       VALUE  FROM      YEAR
                                           NORMAL
...........................................................
TEMPERATURE (F)
 YESTERDAY
  MAXIMUM         81     95    2004  74      7       64
  MINIMUM         47     34    1994  48     -1       37
  AVERAGE         64

PRECIPITATION (IN)
  YESTERDAY        0.00   0.13 1999   0.08  -0.08     0.01
  MONTH TO DATE    1.18               2.19  -1.01     0.17
  SINCE OCT 1     22.13              30.88  -8.75    16.23
  SINCE JAN 1      5.88              18.03 -12.15    14.12

SNOWFALL (IN)
  YESTERDAY        0.0   MM      MM  MM              MM
  MONTH TO DATE    0.0               MM               0.0
  SINCE MAR 1      0.0               MM               0.0
  SINCE JUL 1      0.0               MM               5.0

DEGREE DAYS
 HEATING
  YESTERDAY        1

 COOLING
  YESTERDAY        0
...........................................................


WIND (MPH)
  RESULTANT WIND SPEED   5   RESULTANT WIND DIRECTION   N (360)
  HIGHEST WIND SPEED    15   HIGHEST WIND DIRECTION    NW (330)
  HIGHEST GUST SPEED    20   HIGHEST GUST DIRECTION    NW (330)


SKY COVER
  POSSIBLE SUNSHINE  MM
  AVERAGE SKY COVER 0.0


WEATHER CONDITIONS
 THE FOLLOWING WEATHER WAS RECORDED YESTERDAY.
  NO SIGNIFICANT WEATHER WAS OBSERVED.


RELATIVE HUMIDITY (PERCENT)
 HIGHEST    71
 LOWEST     23
 AVERAGE    47

..........................................................


THE REDDING AIRPORT CA CLIMATE NORMALS FOR TODAY
                         NORMAL    RECORD    YEAR
 MAXIMUM TEMPERATURE (F)   74        94      2004
 MINIMUM TEMPERATURE (F)   48        39      2012
                                             1991


SUNRISE AND SUNSET
APRIL 27 2015.........SUNRISE   614 AM PDT   SUNSET   801 PM PDT
APRIL 28 2015.........SUNRISE   612 AM PDT   SUNSET   802 PM PDT


-  INDICATES NEGATIVE NUMBERS.
R  INDICATES RECORD WAS SET OR TIED.
MM INDICATES DATA IS MISSING.
T  INDICATES TRACE AMOUNT.

&&
....................................................................

REDDING CITY CLIMATE DATA FOR APRIL 26

CLIMATE RECORD PERIOD 1897-1986

RECORD HIGH..............     95 IN 1965
RECORD LOW...............     34 IN 1984

RECORD RAINFALL..........   1.04 IN 1894

$$
