000
CDUS45 KREV 210043
CLIRNO


CLIMATE REPORT
NATIONAL WEATHER SERVICE RENO NV
543 PM PDT MON APR 20 2015


...................................

...THE RENO TAHOE AIRPORT NV CLIMATE SUMMARY FOR APRIL 20 2015...
VALID TODAY AS OF 0500 PM LOCAL TIME.

CLIMATE NORMAL PERIOD 1981 TO 2010
CLIMATE RECORD PERIOD 1888 TO 2015


WEATHER ITEM   OBSERVED TIME   RECORD YEAR NORMAL DEPARTURE LAST
                VALUE   (LST)  VALUE       VALUE  FROM      YEAR
                                                  NORMAL
..................................................................
TEMPERATURE (F)
 TODAY
  MAXIMUM         80    310 PM  84    2012  65     15       74
                                      2009
  MINIMUM         43    455 AM  16    1896  39      4       43
  AVERAGE         62                        52     10       59

PRECIPITATION (IN)
  TODAY            0.00          1.18 1900   0.02  -0.02     0.00
  MONTH TO DATE    0.01                      0.32  -0.31      T
  SINCE OCT 1      2.93                      5.49  -2.56     2.11
  SINCE JAN 1      1.51                      3.13  -1.62     1.15

SNOWFALL (IN)
  TODAY            0.0           2.6  1963   0.0    0.0      0.0
  MONTH TO DATE    T                         0.4   -0.4       T
  SINCE MAR 1      T                         2.4   -2.4       T
  SINCE JUL 1      2.7                      21.4  -18.7      6.2
  SNOW DEPTH       0

DEGREE DAYS
 HEATING
  TODAY            3                        13    -10        6
  MONTH TO DATE  305                       308     -3      189
  SINCE MAR 1    699                       906   -207      699
  SINCE JUL 1   3564                      4544   -980     4283

 COOLING
  TODAY            0                         0      0        0
  MONTH TO DATE    0                         0      0        0
  SINCE MAR 1      0                         0      0        0
  SINCE JAN 1      0                         0      0        0
..................................................................


WIND (MPH)
  RESULTANT WIND SPEED   0   RESULTANT WIND DIRECTION   N (0)
  HIGHEST WIND SPEED    13   HIGHEST WIND DIRECTION    NW (320)
  HIGHEST GUST SPEED    19   HIGHEST GUST DIRECTION    SE (120)
  AVERAGE WIND SPEED     2.4



WEATHER CONDITIONS
 THE FOLLOWING WEATHER WAS RECORDED TODAY.
  HAZE


RELATIVE HUMIDITY (PERCENT)
 HIGHEST    49           500 AM
 LOWEST      7          1200 PM
 AVERAGE    28

..........................................................


THE RENO TAHOE AIRPORT NV CLIMATE NORMALS FOR TOMORROW
                         NORMAL    RECORD    YEAR
 MAXIMUM TEMPERATURE (F)   65        88      2012
 MINIMUM TEMPERATURE (F)   39        14      1963
                                             1896


SUNRISE AND SUNSET
APRIL 20 2015.........SUNRISE   615 AM PDT   SUNSET   742 PM PDT
APRIL 21 2015.........SUNRISE   614 AM PDT   SUNSET   743 PM PDT


-  INDICATES NEGATIVE NUMBERS.
R  INDICATES RECORD WAS SET OR TIED.
MM INDICATES DATA IS MISSING.
T  INDICATES TRACE AMOUNT.




$$
