000
CDUS45 KABQ 250828
CLIROW


CLIMATE REPORT
NATIONAL WEATHER SERVICE ALBUQUERQUE NM
227 AM MDT SAT APR 25 2015


...................................

...THE ROSWELL NM CLIMATE SUMMARY FOR APRIL 24 2015...

CLIMATE NORMAL PERIOD 1981 TO 2010
CLIMATE RECORD PERIOD 1893 TO 2015


WEATHER ITEM   OBSERVED TIME   RECORD YEAR NORMAL DEPARTURE
                VALUE   (LST)  VALUE       VALUE  FROM
                                                  NORMAL
...............................................................
TEMPERATURE (F)
 YESTERDAY
  MAXIMUM         77    249 PM  96    2012  79     -2
                                      1996
                                      1943
  MINIMUM         48    928 PM  31    2013  48      0
                                      1968
  AVERAGE         63                        63      0

PRECIPITATION (IN)
  YESTERDAY        0.00          1.35 1997   0.03  -0.03
  MONTH TO DATE    1.72                      0.45   1.27
  SINCE MAR 1      2.01                      0.96   1.05
  SINCE JAN 1      3.92                      1.76   2.16

SNOWFALL (IN)
  YESTERDAY        0.0
  MONTH TO DATE    0.0
  SINCE MAR 1      T
  SINCE JUL 1     16.2

DEGREE DAYS
 HEATING
  YESTERDAY        2                         4     -2
  MONTH TO DATE   97                       146    -49
  SINCE MAR 1    455                       533    -78
  SINCE JUL 1   3172                      3240    -68

 COOLING
  YESTERDAY        0                         2     -2
  MONTH TO DATE   13                        23    -10
  SINCE MAR 1     16                        26    -10
  SINCE JAN 1     16                        26    -10
...............................................................


WIND (MPH)
  HIGHEST WIND SPEED    31   HIGHEST WIND DIRECTION     W (250)
  HIGHEST GUST SPEED    38   HIGHEST GUST DIRECTION     W (290)
  AVERAGE WIND SPEED    12.9


SKY COVER
  AVERAGE SKY COVER 0.1


WEATHER CONDITIONS
 THE FOLLOWING WEATHER WAS RECORDED YESTERDAY.
  NO SIGNIFICANT WEATHER WAS OBSERVED.


RELATIVE HUMIDITY (PERCENT)
 HIGHEST    74           400 AM
 LOWEST     13           400 PM
 AVERAGE    44

..........................................................


THE ROSWELL NM CLIMATE NORMALS FOR TODAY
                         NORMAL    RECORD    YEAR
 MAXIMUM TEMPERATURE (F)   79       102      2012
 MINIMUM TEMPERATURE (F)   48        30      1968


SUNRISE AND SUNSET
APRIL 25 2015.........SUNRISE   617 AM MDT   SUNSET   736 PM MDT
APRIL 26 2015.........SUNRISE   616 AM MDT   SUNSET   737 PM MDT


-  INDICATES NEGATIVE NUMBERS.
R  INDICATES RECORD WAS SET OR TIED.
MM INDICATES DATA IS MISSING.
T  INDICATES TRACE AMOUNT.




$$
