000
CDUS45 KCYS 260732
CLIRWL


CLIMATE REPORT
NATIONAL WEATHER SERVICE CHEYENNE WY
131 AM MDT SUN APR 26 2015


...................................

...THE RAWLINS WY AIRPORT CLIMATE SUMMARY FOR APRIL 25 2015...

CLIMATE NORMAL PERIOD 1981 TO 2010
CLIMATE RECORD PERIOD 1951 TO 2015


WEATHER ITEM   OBSERVED TIME   RECORD YEAR NORMAL DEPARTURE LAST
                VALUE   (LST)  VALUE       VALUE  FROM      YEAR
                                                  NORMAL
..................................................................
TEMPERATURE (F)
 YESTERDAY
  MAXIMUM         55    226 PM  75    1981  57     -2       67
  MINIMUM         30    307 AM  19    2006  29      1       28
                                      1968
  AVERAGE         43                        43      0       48

PRECIPITATION (IN)
  YESTERDAY        0.01          0.92 2009   0.04  -0.03     0.00
  MONTH TO DATE    0.69                      0.86  -0.17     0.58
  SINCE JAN 1      1.70                      2.32  -0.62     1.63

DEGREE DAYS
 HEATING
  YESTERDAY       22                        22      0       17
  MONTH TO DATE  615                       640    -25      577
  SINCE MAR 1   1443                      1655   -212     1518
  SINCE JUL 1   6674                      7612   -938     7282

 COOLING
  YESTERDAY        0                         0      0        0
  MONTH TO DATE    0                         0      0        0
  SINCE MAR 1      0                         0      0        0
  SINCE JAN 1      0                         0      0        0
..................................................................


WIND (MPH)
  HIGHEST WIND SPEED    23   HIGHEST WIND DIRECTION    SW (230)
  HIGHEST GUST SPEED    29   HIGHEST GUST DIRECTION    SW (220)
  AVERAGE WIND SPEED    10.0


SKY COVER
  AVERAGE SKY COVER 0.5


WEATHER CONDITIONS
 THE FOLLOWING WEATHER WAS RECORDED YESTERDAY.
  LIGHT RAIN


RELATIVE HUMIDITY (PERCENT)
 HIGHEST    85           100 AM
 LOWEST     35           200 PM
 AVERAGE    60

..........................................................


THE RAWLINS WY AIRPORT CLIMATE NORMALS FOR TODAY
                         NORMAL    RECORD    YEAR
 MAXIMUM TEMPERATURE (F)   57        74      1987
 MINIMUM TEMPERATURE (F)   29        15      1984


SUNRISE AND SUNSET
APRIL 26 2015.........SUNRISE   612 AM MDT   SUNSET   802 PM MDT
APRIL 27 2015.........SUNRISE   611 AM MDT   SUNSET   803 PM MDT


-  INDICATES NEGATIVE NUMBERS.
R  INDICATES RECORD WAS SET OR TIED.
MM INDICATES DATA IS MISSING.
T  INDICATES TRACE AMOUNT.




$$
