000
CDUS42 KCHS 060532
CLISAV


CLIMATE REPORT
NATIONAL WEATHER SERVICE CHARLESTON SC
132 AM EDT WED MAY 6 2015


...................................

...THE SAVANNAH GA CLIMATE SUMMARY FOR MAY 5 2015...

CLIMATE NORMAL PERIOD 1981 TO 2010
CLIMATE RECORD PERIOD 1871 TO 2015


WEATHER ITEM   OBSERVED TIME   RECORD YEAR NORMAL DEPARTURE LAST
                VALUE   (LST)  VALUE       VALUE  FROM      YEAR
                                                  NORMAL
..................................................................
TEMPERATURE (F)
 YESTERDAY
  MAXIMUM         80   1235 PM  95    2012  82     -2       94
  MINIMUM         57    537 AM  44    1997  59     -2       60
  AVERAGE         69                        70     -1       77

PRECIPITATION (IN)
  YESTERDAY        0.00          1.82 2013   0.08  -0.08     0.00
  MONTH TO DATE    0.00                      0.41  -0.41     0.18
  SINCE MAR 1      8.54                      7.21   1.33     8.38
  SINCE JAN 1     16.10                     13.69   2.41    12.49

DEGREE DAYS
 HEATING
  YESTERDAY        0                         1     -1        0
  MONTH TO DATE    2                         5     -3        0
  SINCE MAR 1    158                       291   -133      301
  SINCE JUL 1   1693                      1808   -115     1682

 COOLING
  YESTERDAY        4                         6     -2       12
  MONTH TO DATE   10                        28    -18       27
  SINCE MAR 1    247                       154     93      177
  SINCE JAN 1    252                       164     88      195
..................................................................


WIND (MPH)
  HIGHEST WIND SPEED    17   HIGHEST WIND DIRECTION     E (80)
  HIGHEST GUST SPEED    22   HIGHEST GUST DIRECTION    NE (60)
  AVERAGE WIND SPEED     7.2


SKY COVER
  POSSIBLE SUNSHINE  MM
  AVERAGE SKY COVER 0.5


WEATHER CONDITIONS
 THE FOLLOWING WEATHER WAS RECORDED YESTERDAY.
  NO SIGNIFICANT WEATHER WAS OBSERVED.


RELATIVE HUMIDITY (PERCENT)
 HIGHEST    93           200 AM
 LOWEST     42           300 PM
 AVERAGE    68

..........................................................


THE SAVANNAH GA CLIMATE NORMALS FOR TODAY
                         NORMAL    RECORD    YEAR
 MAXIMUM TEMPERATURE (F)   83        96      1952
 MINIMUM TEMPERATURE (F)   59        46      1957


SUNRISE AND SUNSET
MAY  6 2015...........SUNRISE   634 AM EDT   SUNSET   809 PM EDT
MAY  7 2015...........SUNRISE   633 AM EDT   SUNSET   810 PM EDT


-  INDICATES NEGATIVE NUMBERS.
R  INDICATES RECORD WAS SET OR TIED.
MM INDICATES DATA IS MISSING.
T  INDICATES TRACE AMOUNT.




$$
