000
CDUS46 KSTO 260837
CLISCK


CLIMATE REPORT
NATIONAL WEATHER SERVICE SACRAMENTO, CA
136 AM PDT SUN APR 26 2015


...................................

...THE STOCKTON AIRPORT CA CLIMATE SUMMARY FOR APRIL 25 2015...

CLIMATE NORMAL PERIOD 1981 TO 2010
CLIMATE RECORD PERIOD 1948 TO 2015


WEATHER ITEM   OBSERVED TIME   RECORD YEAR NORMAL DEPARTURE LAST
                VALUE   (LST)  VALUE       VALUE  FROM      YEAR
                                                  NORMAL
..................................................................
TEMPERATURE (F)
 YESTERDAY
  MAXIMUM         70    413 PM  92    2004  75     -5       60
  MINIMUM         53   1159 PM  38    1983  48      5       49
                                      1971
                                      1964
  AVERAGE         62

PRECIPITATION (IN)
  YESTERDAY        0.38          1.18 1959   0.03   0.35     0.40
  MONTH TO DATE    1.13                      0.86   0.27     0.81
  SINCE OCT 1     10.60                     13.03  -2.43     7.21
  SINCE JAN 1      2.76                      8.30  -5.54     5.78

SNOWFALL (IN)
  YESTERDAY        0.0          MM      MM
  MONTH TO DATE    0.0
  SINCE MAR 1      0.0
  SINCE JUL 1      0.0
  SNOW DEPTH       0

DEGREE DAYS
 HEATING
  YESTERDAY        3                         5     -2       10
  MONTH TO DATE  108                       169    -61       95
  SINCE MAR 1    232                       493   -261      294
  SINCE JUL 1   1671                      2555   -884     2127

 COOLING
  YESTERDAY        0                         1     -1        0
  MONTH TO DATE   11                         8      3       19
  SINCE MAR 1     28                         8     20       19
  SINCE JAN 1     28                         8     20       19
..................................................................


WIND (MPH)
  RESULTANT WIND SPEED   8   RESULTANT WIND DIRECTION   W (260)
  HIGHEST WIND SPEED    24   HIGHEST WIND DIRECTION     W (260)
  HIGHEST GUST SPEED    29   HIGHEST GUST DIRECTION     W (250)


SKY COVER
  POSSIBLE SUNSHINE  MM
  AVERAGE SKY COVER 0.5


WEATHER CONDITIONS
 THE FOLLOWING WEATHER WAS RECORDED YESTERDAY.
  RAIN
  LIGHT RAIN
  FOG


RELATIVE HUMIDITY (PERCENT)
 HIGHEST    93          1200 AM
 LOWEST     45           300 PM
 AVERAGE    69

..........................................................


THE STOCKTON AIRPORT CA CLIMATE NORMALS FOR TODAY
                         NORMAL    RECORD    YEAR
 MAXIMUM TEMPERATURE (F)   76        96      2004
 MINIMUM TEMPERATURE (F)   48        39      2003
                                             1984
                                             1955


SUNRISE AND SUNSET
APRIL 26 2015.........SUNRISE   615 AM PDT   SUNSET   751 PM PDT
APRIL 27 2015.........SUNRISE   614 AM PDT   SUNSET   752 PM PDT


-  INDICATES NEGATIVE NUMBERS.
R  INDICATES RECORD WAS SET OR TIED.
MM INDICATES DATA IS MISSING.
T  INDICATES TRACE AMOUNT.




$$
