000
CDUS46 KMTR 280845
CLISFD


CLIMATE REPORT
NATIONAL WEATHER SERVICE SAN FRANCISCO BAY AREA
135 AM PDT TUE APR 28 2015


...................................

...THE SAN FRANCISCO DWTN CA CLIMATE SUMMARY FOR APRIL 27 2015...

CLIMATE NORMAL PERIOD 1981 TO 2010
CLIMATE RECORD PERIOD 1850 TO 2015


WEATHER ITEM   OBSERVED TIME   RECORD YEAR NORMAL DEPARTURE LAST
                VALUE   (LST)  VALUE       VALUE  FROM      YEAR
                                                  NORMAL
..................................................................
TEMPERATURE (F)
 YESTERDAY
  MAXIMUM         76   1243 PM  86    1921  64     12       61
  MINIMUM         50   1143 PM  42    1894  50      0       50
  AVERAGE         63                        57      6       56

PRECIPITATION (IN)
  YESTERDAY        0.00          1.83 1953   0.03  -0.03     0.04
  MONTH TO DATE    1.30                      1.36  -0.06     1.59
  SINCE OCT 1     17.34                     22.42  -5.08    12.07
  SINCE JAN 1      2.89                     13.58 -10.69    10.42

DEGREE DAYS
 HEATING
  YESTERDAY        2                        MM     MM        9
  MONTH TO DATE  193                        MM     MM      215
  SINCE MAR 1    351                        MM     MM      414
  SINCE JUL 1   1425                        MM     MM     2077

 COOLING
  YESTERDAY        0                        MM     MM        0
  MONTH TO DATE    2                         0      2        3
  SINCE MAR 1     10                         0     10        4
  SINCE JAN 1     10                         0     10        4
..................................................................







THE SAN FRANCISCO DWTN CA CLIMATE NORMALS FOR TODAY
                         NORMAL    RECORD    YEAR
 MAXIMUM TEMPERATURE (F)   64        85      1908
 MINIMUM TEMPERATURE (F)   50        43      1906


SUNRISE AND SUNSET
APRIL 28 2015.........SUNRISE   618 AM PDT   SUNSET   757 PM PDT
APRIL 29 2015.........SUNRISE   617 AM PDT   SUNSET   758 PM PDT


-  INDICATES NEGATIVE NUMBERS.
R  INDICATES RECORD WAS SET OR TIED.
MM INDICATES DATA IS MISSING.
T  INDICATES TRACE AMOUNT.




$$
