000
CDUS46 KOTX 260840
CLISFF


CLIMATE REPORT
NATIONAL WEATHER SERVICE SPOKANE, WA
140 AM PDT SUN APR 26 2015


...................................

...THE SPOKANE WA FELTS AIRPORT CLIMATE SUMMARY FOR APRIL 25 2015...

CLIMATE NORMAL PERIOD 1981 TO 2010
CLIMATE RECORD PERIOD 9999 TO 9999


WEATHER ITEM   OBSERVED TIME   RECORD YEAR NORMAL DEPARTURE LAST
                VALUE   (LST)  VALUE       VALUE  FROM      YEAR
                                                  NORMAL
..................................................................
TEMPERATURE (F)
 YESTERDAY
  MAXIMUM         53    244 PM  MM      MM  62     -9       56
  MINIMUM         36   1159 PM  MM      MM  37     -1       43
  AVERAGE         45                        49     -4       50

PRECIPITATION (IN)
  YESTERDAY        0.04         MM      MM   0.04   0.00     0.00
  MONTH TO DATE    0.92                      1.05  -0.13     1.04
  SINCE OCT 1     11.12                     12.15  -1.03     8.77
  SINCE JAN 1      6.39                      5.95   0.44     6.49

SNOWFALL (IN)
  YESTERDAY       MM

DEGREE DAYS
 HEATING
  YESTERDAY       20                        16      4       15
  MONTH TO DATE  434                       457    -23      427
  SINCE MAR 1   1007                      1207   -200     1160
  SINCE JUL 1   4825                      5778   -953     5839

 COOLING
  YESTERDAY        0                         0      0        0
  MONTH TO DATE    0                         0      0        0
  SINCE MAR 1      0                         0      0        0
  SINCE JAN 1      0                         0      0        0
..................................................................


WIND (MPH)
  HIGHEST WIND SPEED    15   HIGHEST WIND DIRECTION    SW (240)
  HIGHEST GUST SPEED    21   HIGHEST GUST DIRECTION    SW (210)
  AVERAGE WIND SPEED     4.7


SKY COVER
  POSSIBLE SUNSHINE  MM
  AVERAGE SKY COVER 0.6


WEATHER CONDITIONS
 THE FOLLOWING WEATHER WAS RECORDED YESTERDAY.
  THUNDERSTORM
  LIGHT RAIN


RELATIVE HUMIDITY (PERCENT)
 HIGHEST    92           900 PM
 LOWEST     50           200 PM
 AVERAGE    71

..........................................................


THE SPOKANE WA FELTS AIRPORT CLIMATE NORMALS FOR TODAY
                         NORMAL    RECORD    YEAR
 MAXIMUM TEMPERATURE (F)   62        MM        MM
 MINIMUM TEMPERATURE (F)   37        MM        MM


SUNRISE AND SUNSET
APRIL 26 2015.........SUNRISE   541 AM PDT   SUNSET   754 PM PDT
APRIL 27 2015.........SUNRISE   539 AM PDT   SUNSET   756 PM PDT


-  INDICATES NEGATIVE NUMBERS.
R  INDICATES RECORD WAS SET OR TIED.
MM INDICATES DATA IS MISSING.
T  INDICATES TRACE AMOUNT.




$$
