000
CDUS43 KSGF 272227
CLISGF


CLIMATE REPORT
NATIONAL WEATHER SERVICE SPRINGFIELD MO
527 PM CDT MON APR 27 2015


...................................

...THE SPRINGFIELD MO CLIMATE SUMMARY FOR APRIL 27 2015...
VALID TODAY AS OF 0500 PM LOCAL TIME.

CLIMATE NORMAL PERIOD 1981 TO 2010
CLIMATE RECORD PERIOD 1888 TO 2015


WEATHER ITEM   OBSERVED TIME   RECORD YEAR NORMAL DEPARTURE LAST
                VALUE   (LST)  VALUE       VALUE  FROM      YEAR
                                                  NORMAL
..................................................................
TEMPERATURE (F)
 TODAY
  MAXIMUM         65    358 PM  91    1989  71     -6       77
  MINIMUM         46    535 AM  33    1967  48     -2       62
  AVERAGE         56                        59     -3       70

PRECIPITATION (IN)
  TODAY            0.00          1.10 1998   0.17  -0.17     0.53
  MONTH TO DATE    3.19                      3.81  -0.62     2.06
  SINCE MAR 1      6.57                      7.43  -0.86     4.39
  SINCE JAN 1      9.17                     12.42  -3.25     6.18

SNOWFALL (IN)
  TODAY            0.0
  MONTH TO DATE    0.0
  SINCE MAR 1      1.2
  SINCE JUL 1     15.8
  SNOW DEPTH       0

DEGREE DAYS
 HEATING
  TODAY            9                         7      2        0
  MONTH TO DATE  194                       282    -88      232
  SINCE MAR 1    741                       863   -122      913
  SINCE JUL 1   4448                      4456     -8     4868

 COOLING
  TODAY            0                         1     -1        5
  MONTH TO DATE   22                        20      2       14
  SINCE MAR 1     22                        23     -1       14
  SINCE JAN 1     22                        23     -1       14
..................................................................


WIND (MPH)
  HIGHEST WIND SPEED    25   HIGHEST WIND DIRECTION     E (80)
  HIGHEST GUST SPEED    35   HIGHEST GUST DIRECTION    NE (60)


SKY COVER
  AVERAGE SKY COVER 0.0


WEATHER CONDITIONS
 THE FOLLOWING WEATHER WAS RECORDED TODAY.
  NO SIGNIFICANT WEATHER WAS OBSERVED.


RELATIVE HUMIDITY (PERCENT)
 HIGHEST    65           500 AM
 LOWEST     31           300 PM
 AVERAGE    48

..........................................................


THE SPRINGFIELD MO CLIMATE NORMALS FOR TOMORROW
                         NORMAL    RECORD    YEAR
 MAXIMUM TEMPERATURE (F)   71        87      1899
                                             1894
 MINIMUM TEMPERATURE (F)   49        31      1973


SUNRISE AND SUNSET
APRIL 27 2015.........SUNRISE   624 AM CDT   SUNSET   759 PM CDT
APRIL 28 2015.........SUNRISE   623 AM CDT   SUNSET   800 PM CDT


-  INDICATES NEGATIVE NUMBERS.
R  INDICATES RECORD WAS SET OR TIED.
MM INDICATES DATA IS MISSING.
T  INDICATES TRACE AMOUNT.




$$
