000
CDUS44 KSHV 032136
CLISHV


CLIMATE REPORT
NATIONAL WEATHER SERVICE SHREVEPORT, LA
431 PM CDT SUN MAY 3 2015


...................................

...THE SHREVEPORT CLIMATE SUMMARY FOR MAY 3 2015...
VALID TODAY AS OF 0400 PM LOCAL TIME.

CLIMATE NORMAL PERIOD 1981 TO 2010
CLIMATE RECORD PERIOD 1874 TO 2015


WEATHER ITEM   OBSERVED TIME   RECORD YEAR NORMAL DEPARTURE LAST
                VALUE   (LST)  VALUE       VALUE  FROM      YEAR
                                                  NORMAL
..................................................................
TEMPERATURE (F)
 TODAY
  MAXIMUM         83    259 PM  92    1943  81      2       86
  MINIMUM         57    550 AM  41    2013  59     -2       47
  AVERAGE         70                        70      0       67

PRECIPITATION (IN)
  TODAY            0.00          4.31 1991   0.17  -0.17     0.00
  MONTH TO DATE    0.00                      0.49  -0.49     0.00
  SINCE DEC 1     28.95                     22.54   6.41    16.53
  SINCE JAN 1     25.20                     17.77   7.43    11.55

DEGREE DAYS
 HEATING
  TODAY            0                         1     -1        0
  MONTH TO DATE    0                         3     -3        9
  SINCE MAR 1    291                       340    -49      441
  SINCE JUL 1   2291                      2222     69     2552

 COOLING
  TODAY            5                         6     -1        2
  MONTH TO DATE   14                        16     -2        2
  SINCE MAR 1    181                       141     40      117
  SINCE JAN 1    181                       151     30      123
..................................................................


WIND (MPH)
  HIGHEST WIND SPEED    17   HIGHEST WIND DIRECTION     S (160)
  HIGHEST GUST SPEED    25   HIGHEST GUST DIRECTION     S (170)
  AVERAGE WIND SPEED     5.8


SKY COVER
  POSSIBLE SUNSHINE  MM
  AVERAGE SKY COVER 0.1


WEATHER CONDITIONS
 THE FOLLOWING WEATHER WAS RECORDED TODAY.
  NO SIGNIFICANT WEATHER WAS OBSERVED.


RELATIVE HUMIDITY (PERCENT)
 HIGHEST    87           600 AM
 LOWEST     43           300 PM
 AVERAGE    65

..........................................................


THE SHREVEPORT CLIMATE NORMALS FOR TOMORROW
                         NORMAL    RECORD    YEAR
 MAXIMUM TEMPERATURE (F)   81        94      1947
 MINIMUM TEMPERATURE (F)   59        39      2013


SUNRISE AND SUNSET
MAY  3 2015...........SUNRISE   627 AM CDT   SUNSET   758 PM CDT
MAY  4 2015...........SUNRISE   626 AM CDT   SUNSET   759 PM CDT


-  INDICATES NEGATIVE NUMBERS.
R  INDICATES RECORD WAS SET OR TIED.
MM INDICATES DATA IS MISSING.
T  INDICATES TRACE AMOUNT.




$$
