000
CDUS44 KSJT 050659
CLISJT


CLIMATE REPORT
NATIONAL WEATHER SERVICE SAN ANGELO TX
154 AM CDT TUE MAY 5 2015


...................................

...THE SAN ANGELO CLIMATE SUMMARY FOR MAY 4 2015...

CLIMATE NORMAL PERIOD 1981 TO 2010
CLIMATE RECORD PERIOD 1907 TO 2015


WEATHER ITEM   OBSERVED TIME   RECORD YEAR NORMAL DEPARTURE LAST
                VALUE   (LST)  VALUE       VALUE  FROM      YEAR
                                                  NORMAL
..................................................................
TEMPERATURE (F)
 YESTERDAY
  MAXIMUM         85    202 PM 102    2012  85      0       96
                                      1984
  MINIMUM         66    612 AM  39    1945  58      8       64
  AVERAGE         76                        71      5       80

PRECIPITATION (IN)
  YESTERDAY        T             1.55 2001   0.07  -0.07     0.00
  MONTH TO DATE    T                         0.28  -0.28     0.00
  SINCE MAR 1      3.48                      3.20   0.28     0.46
  SINCE JAN 1      5.74                      5.48   0.26     0.52

DEGREE DAYS
 HEATING
  YESTERDAY        0                         1     -1        0
  MONTH TO DATE    0                         4     -4        7
  SINCE MAR 1    330                       349    -19      356
  SINCE JUL 1   2177                      2310   -133     2476

 COOLING
  YESTERDAY       11                         7      4       15
  MONTH TO DATE   25                        27     -2       20
  SINCE MAR 1    219                       178     41      270
  SINCE JAN 1    221                       183     38      273
..................................................................


WIND (MPH)
  HIGHEST WIND SPEED    30   HIGHEST WIND DIRECTION    SE (140)
  HIGHEST GUST SPEED    37   HIGHEST GUST DIRECTION    SE (140)
  AVERAGE WIND SPEED    14.6


SKY COVER
  POSSIBLE SUNSHINE  MM
  AVERAGE SKY COVER 0.6


WEATHER CONDITIONS
 THE FOLLOWING WEATHER WAS RECORDED YESTERDAY.
  LIGHT RAIN


RELATIVE HUMIDITY (PERCENT)
 HIGHEST    81           300 AM
 LOWEST     44           200 PM
 AVERAGE    63

..........................................................


THE SAN ANGELO CLIMATE NORMALS FOR TODAY
                         NORMAL    RECORD    YEAR
 MAXIMUM TEMPERATURE (F)   85       103      2014
                                             1984
                                             1947
 MINIMUM TEMPERATURE (F)   58        39      1945


SUNRISE AND SUNSET
MAY  5 2015...........SUNRISE   654 AM CDT   SUNSET   824 PM CDT
MAY  6 2015...........SUNRISE   653 AM CDT   SUNSET   825 PM CDT


-  INDICATES NEGATIVE NUMBERS.
R  INDICATES RECORD WAS SET OR TIED.
MM INDICATES DATA IS MISSING.
T  INDICATES TRACE AMOUNT.




$$
