000
CDAK48 PASN 191159
CLISNP

CLIMATE REPORT
NATIONAL WEATHER SERVICE ST PAUL, AK
359 AM AKDT SUN APR 19 2015

...................................
...THE ST PAUL AIRPORT CLIMATE SUMMARY FOR APRIL 18 2015...

CLIMATE NORMAL PERIOD  1981 TO  2010
CLIMATE RECORD PERIOD  1892 TO  2015

WEATHER ITEM   OBSERVED TIME    RECORD YEAR NORMAL DEPARTURE LAST
               VALUE    (LST)   VALUE       VALUE  FROM      YEAR
                                                   NORMAL
...................................................................
TEMPERATURE
YESTERDAY
 MAXIMUM            24  0602 PM    43  1978     34     -10     35
 MINIMUM            18  1152 PM     7  1960     26      -8     30
 AVERAGE            21                          30      -9     33

PRECIPITATION
(INCHES)
 YESTERDAY           T           0.19  1975   0.04   -0.04   0.01
 MONTH TO DATE    0.75                        0.65    0.10   0.68
 SINCE MAR 1      1.43                        1.72   -0.29   1.88
 SINCE JAN 1      3.75                        4.60   -0.85   6.21

SNOWFALL
(INCHES)
 YESTERDAY           T            1.4  1983    0.1    -0.1      T
 MONTH TO DATE     4.7                         4.0     0.7    1.0
 SINCE MAR 1      14.1                        12.0     2.1    9.4
 SINCE JUL 1      43.8                        57.0   -13.2   43.7
 SNOW DEPTH (IN)     0                                          T

DEGREE DAYS
 HEATING
  YESTERDAY         44                          35       9     32
  MONTH TO DATE    670                         669       1    584
  SINCE MAR 1     1845                        1906     -61   1830
  SINCE JUL 1     7802                        8825   -1023   8276

 COOLING
  YESTERDAY          0                           0       0      0
  MONTH TO DATE      0                           0       0      0
  SINCE MAR 1        0                           0       0      0
  SINCE JAN 1        0                           0       0      0
...................................................................

WIND (MPH)
 HIGHEST WIND SPEED    45     HIGHEST WIND DIRECTION    340
 HIGHEST GUST SPEED    54     HIGHEST GUST DIRECTION    360
 AVERAGE WIND SPEED  35.8

SKY COVER
  POSSIBLE SUNSHINE    MM          AVERAGE SKY COVER     MM

WEATHER CONDITIONS
 THE FOLLOWING WEATHER WAS RECORDED YESTERDAY.
  FOG
  SNOW


RELATIVE HUMIDITY
 HIGHEST RH     MM PERCENT       MM
 LOWEST  RH     MM PERCENT       MM
 AVERAGE RH     MM PERCENT       MM
...................................................................

THE ST PAUL CLIMATE NORMALS FOR TODAY
                           NORMAL    RECORD   YEAR
 MAXIMUM TEMPERATURE (F)     34        43     1978
 MINIMUM TEMPERATURE (F)     26         6     1960

SUNRISE AND SUNSET
 APR 19 2015..........SUNRISE  8:02 AM      SUNSET 10:40 PM
 APR 20 2015..........SUNRISE  8:00 AM      SUNSET 10:42 PM

-  INDICATES NEGATIVE NUMBERS.
R  INDICATES RECORD HAS BEEN SET OR TIED.
MM INDICATES DATA IS MISSING.
T  INDICATES TRACE OF PRECIPITATION.

&&
-------------------------------------------------------------------

AMOUNT OF DAYLIGHT TODAY  (HOUR:MIN)........14 HOURS 38 MINUTES
GAIN/LOSS SINCE YESTERDAY (HOUR:MIN:SEC)....+0:04:44

$$
WIW APR 15
