000
CDUS44 KOUN 260636
CLISPS

CLIMATE REPORT
NATIONAL WEATHER SERVICE NORMAN OK
133 AM CDT SUN APR 26 2015


...................................

...THE WICHITA FALLS CLIMATE SUMMARY FOR APRIL 25 2015...

CLIMATE NORMAL PERIOD 1981 TO 2010
CLIMATE RECORD PERIOD 1897 TO 2015


WEATHER ITEM   OBSERVED TIME   RECORD YEAR NORMAL DEPARTURE LAST
                VALUE   (LST)  VALUE       VALUE  FROM      YEAR
                                                  NORMAL
..................................................................
TEMPERATURE (F)
 YESTERDAY
  MAXIMUM         84    453 PM  98    2012  78      6       85
  MINIMUM         54    626 AM  38    2013  53      1       48
  AVERAGE         69                        65      4       67

PRECIPITATION (IN)
  YESTERDAY        0.00          2.54 1966   0.11  -0.11     0.00
  MONTH TO DATE    1.98                      2.03  -0.05     1.48
  SINCE JAN 1      6.36                      7.12  -0.76     4.01

SNOWFALL (IN)
  YESTERDAY        0.0                       0.0    0.0      0.0
  MONTH TO DATE    0.0                       0.0    0.0       T
  SINCE JUL 1      6.5                       3.9    2.6      5.0
  SNOW DEPTH       0

DEGREE DAYS
 HEATING
  YESTERDAY        0                         3     -3        0
  MONTH TO DATE   75                       131    -56      111
  SINCE JUL 1   2857                      2934    -77     3329

 COOLING
  YESTERDAY        4                         3      1        2
  MONTH TO DATE   61                        52      9       67
  SINCE JAN 1     78                        74      4       83
..................................................................


WIND (MPH)
  HIGHEST WIND SPEED    20   HIGHEST WIND DIRECTION     W (260)
  HIGHEST GUST SPEED    23   HIGHEST GUST DIRECTION     W (260)
  AVERAGE WIND SPEED    12.7


SKY COVER
  AVERAGE SKY COVER 0.0


WEATHER CONDITIONS
 THE FOLLOWING WEATHER WAS RECORDED YESTERDAY.
  NO SIGNIFICANT WEATHER WAS OBSERVED.


RELATIVE HUMIDITY (PERCENT)
 HIGHEST    93          1200 AM
 LOWEST     28           200 PM
 AVERAGE    61

..........................................................


THE WICHITA FALLS CLIMATE NORMALS FOR TODAY
                         NORMAL    RECORD    YEAR
 MAXIMUM TEMPERATURE (F)   79        98      1939
 MINIMUM TEMPERATURE (F)   53        40      1947


SUNRISE AND SUNSET
APRIL 26 2015.........SUNRISE   650 AM CDT   SUNSET   814 PM CDT
APRIL 27 2015.........SUNRISE   649 AM CDT   SUNSET   814 PM CDT


-  INDICATES NEGATIVE NUMBERS.
R  INDICATES RECORD WAS SET OR TIED.
MM INDICATES DATA IS MISSING.
T  INDICATES TRACE AMOUNT.

$$
