000
CDUS42 KJAX 192133
CLISSI


CLIMATE REPORT
NATIONAL WEATHER SERVICE JACKSONVILLE FL
533 PM EDT SUN APR 19 2015


...................................

...THE ST SIMONS ISLAND CLIMATE SUMMARY FOR APRIL 19 2015...
VALID TODAY AS OF 0500 PM LOCAL TIME.

CLIMATE NORMAL PERIOD 1981 TO 2010
CLIMATE RECORD PERIOD 1948 TO 2015


WEATHER ITEM   OBSERVED TIME   RECORD YEAR NORMAL DEPARTURE LAST
                VALUE   (LST)  VALUE       VALUE  FROM      YEAR
                                                  NORMAL
..................................................................
TEMPERATURE (F)
 TODAY
  MAXIMUM         78   1140 AM  89    1981  76      2       65
  MINIMUM         71    818 AM  41    1983  59     12       56
  AVERAGE         75                        67      8       61

PRECIPITATION (IN)
  TODAY            T             1.97 1980   0.08  -0.08     0.05
  MONTH TO DATE    3.03                      1.73   1.30     7.92
  SINCE MAR 1      5.40                      5.61  -0.21    10.46
  SINCE JAN 1     11.12                     12.30  -1.18    16.94

SNOWFALL (IN)
  TODAY            0.0           0.0    MM                   0.0
  MONTH TO DATE    0.0                                       0.0
  SINCE MAR 1      0.0                                       0.0
  SINCE JUL 1      0.0                                        T

DEGREE DAYS
 HEATING
  TODAY            0                         1     -1        4
  MONTH TO DATE    0                        46    -46       29
  SINCE MAR 1    114                       223   -109      257
  SINCE JUL 1   1494                      1474     20     1485

 COOLING
  TODAY           10                         4      6        0
  MONTH TO DATE  117                        51     66       44
  SINCE MAR 1    147                        82     65       58
  SINCE JAN 1    153                        91     62       66
..................................................................


WIND (MPH)
  HIGHEST WIND SPEED    15   HIGHEST WIND DIRECTION    SE (150)
  HIGHEST GUST SPEED    20   HIGHEST GUST DIRECTION     S (170)
  AVERAGE WIND SPEED     6.6


SKY COVER
  POSSIBLE SUNSHINE  MM
  AVERAGE SKY COVER 0.5


WEATHER CONDITIONS
 THE FOLLOWING WEATHER WAS RECORDED TODAY.
  THUNDERSTORM
  FOG


RELATIVE HUMIDITY (PERCENT)
 HIGHEST   100           700 AM
 LOWEST     82          1100 AM
 AVERAGE    91

..........................................................


THE ST SIMONS ISLAND CLIMATE NORMALS FOR TOMORROW
                         NORMAL    RECORD    YEAR
 MAXIMUM TEMPERATURE (F)   76        93      1968
 MINIMUM TEMPERATURE (F)   59        45      1983


SUNRISE AND SUNSET
APRIL 19 2015.........SUNRISE   653 AM EDT   SUNSET   756 PM EDT
APRIL 20 2015.........SUNRISE   652 AM EDT   SUNSET   757 PM EDT


-  INDICATES NEGATIVE NUMBERS.
R  INDICATES RECORD WAS SET OR TIED.
MM INDICATES DATA IS MISSING.
T  INDICATES TRACE AMOUNT.




$$
