000
CDUS43 KEAX 060032
CLISTJ


CLIMATE REPORT
NATIONAL WEATHER SERVICE KANSAS CITY/PLEASANT HILL MO
731 PM CDT TUE MAY 5 2015


...................................

...THE ST. JOSEPH MO CLIMATE SUMMARY FOR MAY 5 2015...
VALID TODAY AS OF 0700 PM LOCAL TIME.

CLIMATE NORMAL PERIOD 1981 TO 2010
CLIMATE RECORD PERIOD 1892 TO 2015


WEATHER ITEM   OBSERVED TIME   RECORD YEAR NORMAL DEPARTURE LAST
                VALUE   (LST)  VALUE       VALUE  FROM      YEAR
                                                  NORMAL
..................................................................
TEMPERATURE (F)
 TODAY
  MAXIMUM         80    315 PM  92    1971  72      8       77
  MINIMUM         56    430 AM  32    1944  49      7       49
  AVERAGE         68                        60      8       63

PRECIPITATION (IN)
  TODAY            T             1.42 1961   0.18  -0.18     0.00
  MONTH TO DATE    1.72                      0.94   0.78      T
  SINCE MAR 1      5.90                      6.98  -1.08     4.39
  SINCE JAN 1      7.65                      8.47  -0.82     5.21

DEGREE DAYS
 HEATING
  TODAY            0                         6     -6        2
  MONTH TO DATE    4                        32    -28       33
  SINCE MAR 1    883                      1062   -179     1240
  SINCE JUL 1   5407                      5370     37     6180

 COOLING
  TODAY            3                         1      2        0
  MONTH TO DATE   17                         5     12        2
  SINCE MAR 1     22                        26     -4       10
  SINCE JAN 1     22                        26     -4       10
..................................................................


WIND (MPH)
  HIGHEST WIND SPEED    17   HIGHEST WIND DIRECTION     S (180)
  HIGHEST GUST SPEED    22   HIGHEST GUST DIRECTION     S (180)
  AVERAGE WIND SPEED     6.7


SKY COVER
  AVERAGE SKY COVER 0.4


WEATHER CONDITIONS
 THE FOLLOWING WEATHER WAS RECORDED TODAY.
  LIGHT RAIN
  FOG
  FOG W/VISIBILITY <= 1/4 MILE


RELATIVE HUMIDITY (PERCENT)
 HIGHEST   100           500 AM
 LOWEST     42           300 PM
 AVERAGE    71

..........................................................


THE ST. JOSEPH MO CLIMATE NORMALS FOR TOMORROW
                         NORMAL    RECORD    YEAR
 MAXIMUM TEMPERATURE (F)   72        92      2004
 MINIMUM TEMPERATURE (F)   50        32      1944


SUNRISE AND SUNSET
MAY  5 2015...........SUNRISE   616 AM CDT   SUNSET   818 PM CDT
MAY  6 2015...........SUNRISE   614 AM CDT   SUNSET   819 PM CDT


-  INDICATES NEGATIVE NUMBERS.
R  INDICATES RECORD WAS SET OR TIED.
MM INDICATES DATA IS MISSING.
T  INDICATES TRACE AMOUNT.




$$
