000
CDUS44 KBMX 070806
CLITCL


CLIMATE REPORT
NATIONAL WEATHER SERVICE BIRMINGHAM, AL
305 AM CDT THU MAY 7 2015


...................................

...THE TUSCALOOSA CLIMATE SUMMARY FOR MAY 6 2015...

CLIMATE NORMAL PERIOD 1994 TO 1994
CLIMATE RECORD PERIOD 1994 TO 2015


WEATHER ITEM   OBSERVED TIME   RECORD YEAR NORMAL DEPARTURE LAST
                VALUE   (LST)  VALUE       VALUE  FROM      YEAR
                                                  NORMAL
..................................................................
TEMPERATURE (F)
 YESTERDAY
  MAXIMUM         84    342 PM  95    1952  81      3       84
  MINIMUM         56    511 AM  41    1954  57     -1       56
  AVERAGE         70                        69      1       70

PRECIPITATION (IN)
  YESTERDAY        0.00          1.73 2003   0.13  -0.13     0.00
  MONTH TO DATE    0.00                      0.75  -0.75     0.00
  SINCE MAR 1     12.51                      9.50   3.01    15.74
  SINCE JAN 1     23.26                     20.17   3.09    23.46

..................................................................


WIND (MPH)
  HIGHEST WIND SPEED    12   HIGHEST WIND DIRECTION    SE (130)
  HIGHEST GUST SPEED    18   HIGHEST GUST DIRECTION    SE (120)
  AVERAGE WIND SPEED     3.1


SKY COVER
  AVERAGE SKY COVER 0.3


WEATHER CONDITIONS
 THE FOLLOWING WEATHER WAS RECORDED YESTERDAY.
  FOG
  HAZE


RELATIVE HUMIDITY (PERCENT)
 HIGHEST    93           300 AM
 LOWEST     40           400 PM
 AVERAGE    67

..........................................................


THE TUSCALOOSA CLIMATE NORMALS FOR TODAY
                         NORMAL    RECORD    YEAR
 MAXIMUM TEMPERATURE (F)   81        96      1952
 MINIMUM TEMPERATURE (F)   57        41      1989


SUNRISE AND SUNSET
MAY  7 2015...........SUNRISE   557 AM CDT   SUNSET   737 PM CDT
MAY  8 2015...........SUNRISE   556 AM CDT   SUNSET   738 PM CDT


-  INDICATES NEGATIVE NUMBERS.
R  INDICATES RECORD WAS SET OR TIED.
MM INDICATES DATA IS MISSING.
T  INDICATES TRACE AMOUNT.




$$
