000
CDUS44 KMEG 042156
CLITUP


CLIMATE REPORT
NATIONAL WEATHER SERVICE MEMPHIS TN
456 PM CDT MON MAY 4 2015


...................................

...THE TUPELO CLIMATE SUMMARY FOR MAY 4 2015...
VALID TODAY AS OF 0400 PM LOCAL TIME.

CLIMATE NORMAL PERIOD 1981 TO 2010
CLIMATE RECORD PERIOD 1930 TO 2015


WEATHER ITEM   OBSERVED TIME   RECORD YEAR NORMAL DEPARTURE LAST
                VALUE   (LST)  VALUE       VALUE  FROM      YEAR
                                                  NORMAL
..................................................................
TEMPERATURE (F)
 TODAY
  MAXIMUM         84    251 PM  93    1959  79      5       88
  MINIMUM         58    516 AM  30    1976  56      2       52
  AVERAGE         71                        67      4       70

PRECIPITATION (IN)
  TODAY            0.00          1.70 1944   0.19  -0.19     0.00
  MONTH TO DATE    0.00                      0.76  -0.76     0.00
  SINCE MAR 1     14.16                     10.36   3.80     9.68
  SINCE JAN 1     23.32                     19.80   3.52    15.77

SNOWFALL (IN)
  TODAY            0.0

DEGREE DAYS
 HEATING
  TODAY            0                         2     -2        0
  MONTH TO DATE   10                         8      2       15
  SINCE MAR 1    424                       509    -85      620
  SINCE JUL 1   3142                      2940    202     3450

 COOLING
  TODAY            6                         4      2        5
  MONTH TO DATE    8                        15     -7        5
  SINCE MAR 1     84                        89     -5       47
  SINCE JAN 1     84                        91     -7       47
..................................................................


WIND (MPH)
  HIGHEST WIND SPEED    14   HIGHEST WIND DIRECTION     S (200)
  HIGHEST GUST SPEED    22   HIGHEST GUST DIRECTION    SW (220)
  AVERAGE WIND SPEED     5.4


SKY COVER
  POSSIBLE SUNSHINE  MM
  AVERAGE SKY COVER 0.3


WEATHER CONDITIONS
 THE FOLLOWING WEATHER WAS RECORDED TODAY.
  NO SIGNIFICANT WEATHER WAS OBSERVED.


RELATIVE HUMIDITY (PERCENT)
 HIGHEST    80           400 AM
 LOWEST     32           200 PM
 AVERAGE    56

..........................................................


THE TUPELO CLIMATE NORMALS FOR TOMORROW
                         NORMAL    RECORD    YEAR
 MAXIMUM TEMPERATURE (F)   79        93      1959
                                             1955
 MINIMUM TEMPERATURE (F)   56        37      1973


SUNRISE AND SUNSET
MAY  4 2015...........SUNRISE   603 AM CDT   SUNSET   741 PM CDT
MAY  5 2015...........SUNRISE   602 AM CDT   SUNSET   742 PM CDT


-  INDICATES NEGATIVE NUMBERS.
R  INDICATES RECORD WAS SET OR TIED.
MM INDICATES DATA IS MISSING.
T  INDICATES TRACE AMOUNT.




$$
