000
CDUS43 KAPX 260544
CLITVC


CLIMATE REPORT
NATIONAL WEATHER SERVICE GAYLORD MI
143 AM EDT SUN APR 26 2015


...................................

...THE TRAVERSE CITY MI CLIMATE SUMMARY FOR APRIL 25 2015...

CLIMATE NORMAL PERIOD 1981 TO 2010
CLIMATE RECORD PERIOD 1896 TO 2015


WEATHER ITEM   OBSERVED TIME   RECORD YEAR NORMAL DEPARTURE LAST
                VALUE   (LST)  VALUE       VALUE  FROM      YEAR
                                                  NORMAL
..................................................................
TEMPERATURE (F)
 YESTERDAY
  MAXIMUM         51    431 PM  88    1939  58     -7       55
  MINIMUM         32   1159 PM  20    1967  35     -3       38
  AVERAGE         42                        47     -5       47

PRECIPITATION (IN)
  YESTERDAY        0.00          1.03 1953   0.10  -0.10     0.15
  MONTH TO DATE    1.41                      2.35  -0.94     3.28
  SINCE MAR 1      1.93                      4.21  -2.28     4.20
  SINCE JAN 1      2.71                      8.53  -5.82     5.62

DEGREE DAYS
 HEATING
  YESTERDAY       23                        19      4       18
  MONTH TO DATE  542                       578    -36      611
  SINCE MAR 1   1625                      1640    -15     1942
  SINCE JUL 1   7357                      6980    377     7664

 COOLING
  YESTERDAY        0                         0      0        0
  MONTH TO DATE    0                         0      0        0
  SINCE MAR 1      0                         0      0        0
  SINCE JAN 1      0                         0      0        0
..................................................................


WIND (MPH)
  HIGHEST WIND SPEED    16   HIGHEST WIND DIRECTION     N (10)
  HIGHEST GUST SPEED    24   HIGHEST GUST DIRECTION     N (20)
  AVERAGE WIND SPEED     6.3




RELATIVE HUMIDITY (PERCENT)
 HIGHEST    82
 LOWEST     32
 AVERAGE    57

..........................................................


THE TRAVERSE CITY MI CLIMATE NORMALS FOR TODAY
                         NORMAL    RECORD    YEAR
 MAXIMUM TEMPERATURE (F)   59        87      1990
 MINIMUM TEMPERATURE (F)   35        22      1907


SUNRISE AND SUNSET
APRIL 26 2015.........SUNRISE   640 AM EDT   SUNSET   841 PM EDT
APRIL 27 2015.........SUNRISE   639 AM EDT   SUNSET   842 PM EDT


-  INDICATES NEGATIVE NUMBERS.
R  INDICATES RECORD WAS SET OR TIED.
MM INDICATES DATA IS MISSING.
T  INDICATES TRACE AMOUNT.




$$
