000
CDUS44 KJAN 032107
CLITVR


CLIMATE REPORT
NATIONAL WEATHER SERVICE JACKSON MS
405 PM CDT SUN MAY 3 2015


...................................

...THE VICKSBURG CLIMATE SUMMARY FOR MAY 3 2015...
VALID TODAY AS OF 0400 PM LOCAL TIME.

CLIMATE NORMAL PERIOD 1981 TO 2010
CLIMATE RECORD PERIOD 1948 TO 2015


WEATHER ITEM   OBSERVED TIME   RECORD YEAR NORMAL DEPARTURE LAST
                VALUE   (LST)  VALUE       VALUE  FROM      YEAR
                                                  NORMAL
..................................................................
TEMPERATURE (F)
 TODAY
  MAXIMUM         83    241 PM  89    1955  81      2       84
                                      1952
  MINIMUM         53    425 AM  39    2013  58     -5       48
  AVERAGE         68                        69     -1       66

PRECIPITATION (IN)
  TODAY            0.00          1.64 1984   0.18  -0.18     0.00
  MONTH TO DATE    0.00                      0.53  -0.53     0.00
  SINCE MAR 1     10.28                     10.53  -0.25    18.98
  SINCE JAN 1     21.53                     20.87   0.66    24.40

SNOWFALL (IN)
  TODAY            0.0

DEGREE DAYS
 HEATING
  TODAY            0                         1     -1        0
  MONTH TO DATE    3                         3      0       11
  SINCE MAR 1    264                       368   -104      467
  SINCE JUL 1   2522                      2344    178     2876

 COOLING
  TODAY            3                         5     -2        1
  MONTH TO DATE    3                        15    -12        1
  SINCE MAR 1    157                       124     33      114
  SINCE JAN 1    157                       133     24      121
..................................................................


WIND (MPH)
  HIGHEST WIND SPEED    14   HIGHEST WIND DIRECTION     S (170)
  HIGHEST GUST SPEED    18   HIGHEST GUST DIRECTION     S (170)
  AVERAGE WIND SPEED     4.1


SKY COVER
  POSSIBLE SUNSHINE  MM
  AVERAGE SKY COVER 0.1


WEATHER CONDITIONS
 THE FOLLOWING WEATHER WAS RECORDED TODAY.
  NO SIGNIFICANT WEATHER WAS OBSERVED.


RELATIVE HUMIDITY (PERCENT)
 HIGHEST    93           100 AM
 LOWEST     40           100 PM
 AVERAGE    67

..........................................................


THE VICKSBURG CLIMATE NORMALS FOR TOMORROW
                         NORMAL    RECORD    YEAR
 MAXIMUM TEMPERATURE (F)   81        91      2003
 MINIMUM TEMPERATURE (F)   58        37      2013


SUNRISE AND SUNSET
MAY  3 2015...........SUNRISE   616 AM CDT   SUNSET   746 PM CDT
MAY  4 2015...........SUNRISE   615 AM CDT   SUNSET   747 PM CDT


-  INDICATES NEGATIVE NUMBERS.
R  INDICATES RECORD WAS SET OR TIED.
MM INDICATES DATA IS MISSING.
T  INDICATES TRACE AMOUNT.




$$
