000
CDUS44 KSHV 182214
CLITYR


CLIMATE REPORT
NATIONAL WEATHER SERVICE SHREVEPORT, LA
513 PM CDT SAT APR 18 2015


...................................

...THE TYLER CLIMATE SUMMARY FOR APRIL 18 2015...
VALID TODAY AS OF 0500 PM LOCAL TIME.

CLIMATE NORMAL PERIOD 1981 TO 2010
CLIMATE RECORD PERIOD 1896 TO 2015


WEATHER ITEM   OBSERVED TIME   RECORD YEAR NORMAL DEPARTURE LAST
                VALUE   (LST)  VALUE       VALUE  FROM      YEAR
                                                  NORMAL
..................................................................
TEMPERATURE (F)
 TODAY
  MAXIMUM         81    259 PM  95    1987  75      6       77
  MINIMUM         64    645 AM  31    1921  55      9       55
  AVERAGE         73                        65      8       66

PRECIPITATION (IN)
  TODAY            0.02          1.75 1967   0.10  -0.08     0.00
  MONTH TO DATE    4.92                      1.68   3.24     2.46
  SINCE DEC 1     20.36                     16.91   3.45    11.78
  SINCE JAN 1     18.89                     12.67   6.22     8.76

SNOWFALL (IN)
  TODAY            0.0
  MONTH TO DATE    0.0
  SINCE MAR 1      0.5
  SINCE JUL 1      2.1
  SNOW DEPTH       0

DEGREE DAYS
 HEATING
  TODAY            0                         3     -3        0
  MONTH TO DATE   22                        80    -58       97
  SINCE MAR 1    287                       353    -66      446
  SINCE JUL 1   2174                      2245    -71     2510

 COOLING
  TODAY            8                         3      5        1
  MONTH TO DATE   97                        35     62       54
  SINCE MAR 1    129                        56     73       67
  SINCE JAN 1    129                        68     61       70
..................................................................


WIND (MPH)
  HIGHEST WIND SPEED    13   HIGHEST WIND DIRECTION     N (20)
  HIGHEST GUST SPEED    16   HIGHEST GUST DIRECTION     N (20)
  AVERAGE WIND SPEED     6.0


SKY COVER
  POSSIBLE SUNSHINE  MM
  AVERAGE SKY COVER 0.6


WEATHER CONDITIONS
 THE FOLLOWING WEATHER WAS RECORDED TODAY.
  LIGHT RAIN


RELATIVE HUMIDITY (PERCENT)
 HIGHEST    93           400 AM
 LOWEST     58           300 PM
 AVERAGE    76

..........................................................


THE TYLER CLIMATE NORMALS FOR TOMORROW
                         NORMAL    RECORD    YEAR
 MAXIMUM TEMPERATURE (F)   76        95      1987
 MINIMUM TEMPERATURE (F)   55        35      1901


SUNRISE AND SUNSET
APRIL 18 2015.........SUNRISE   649 AM CDT   SUNSET   753 PM CDT
APRIL 19 2015.........SUNRISE   648 AM CDT   SUNSET   754 PM CDT


-  INDICATES NEGATIVE NUMBERS.
R  INDICATES RECORD WAS SET OR TIED.
MM INDICATES DATA IS MISSING.
T  INDICATES TRACE AMOUNT.




$$
