000
CDUS43 KLOT 070635
CLIUGN


CLIMATE REPORT
NATIONAL WEATHER SERVICE CHICAGO IL
134 AM CDT THU MAY 7 2015


...................................

...THE WAUKEGAN   CLIMATE SUMMARY FOR MAY 6 2015...

CLIMATE NORMAL PERIOD 1981 TO 2010
CLIMATE RECORD PERIOD 2000 TO 2015


WEATHER ITEM   OBSERVED TIME   RECORD YEAR NORMAL DEPARTURE LAST
                VALUE   (LST)  VALUE       VALUE  FROM      YEAR
                                                  NORMAL
..................................................................
TEMPERATURE (F)
 YESTERDAY
  MAXIMUM         59    446 PM  85    2000  63     -4       56
  MINIMUM         44    541 AM  34    2006  43      1       40
  AVERAGE         52

PRECIPITATION (IN)
  YESTERDAY        0.00          0.95 2012   0.12  -0.12      T
  MONTH TO DATE    0.73                      0.75  -0.02     0.07
  SINCE MAR 1      5.61                      6.55  -0.94     3.85
  SINCE JAN 1      6.15                      9.60  -3.45     5.87

DEGREE DAYS
 HEATING
  YESTERDAY       13                        12      1       17
  MONTH TO DATE   58                        78    -20      105
  SINCE MAR 1   1642                      1574     68     1877
  SINCE JUL 1   7167                      6520    647     7746

 COOLING
  YESTERDAY        0                         0      0        0
  MONTH TO DATE    1                         0      1        0
  SINCE MAR 1      1                         4     -3        0
  SINCE JAN 1      1                         4     -3        0
..................................................................


WIND (MPH)
  RESULTANT WIND SPEED   4   RESULTANT WIND DIRECTION  NE (60)
  HIGHEST WIND SPEED    12   HIGHEST WIND DIRECTION    NE (60)
  HIGHEST GUST SPEED    14   HIGHEST GUST DIRECTION    NE (50)
  AVERAGE WIND SPEED     4.6


SKY COVER
  POSSIBLE SUNSHINE  MM
  AVERAGE SKY COVER 0.7


WEATHER CONDITIONS
 THE FOLLOWING WEATHER WAS RECORDED YESTERDAY.
  FOG
  FOG W/VISIBILITY <= 1/4 MILE
  HAZE


RELATIVE HUMIDITY (PERCENT)
 HIGHEST   100
 LOWEST     86
 AVERAGE    93

..........................................................


THE WAUKEGAN   CLIMATE NORMALS FOR TODAY
                         NORMAL    RECORD    YEAR
 MAXIMUM TEMPERATURE (F)   63        77      2000
 MINIMUM TEMPERATURE (F)   44        36      2006


SUNRISE AND SUNSET
MAY  7 2015...........SUNRISE   539 AM CDT   SUNSET   758 PM CDT
MAY  8 2015...........SUNRISE   538 AM CDT   SUNSET   759 PM CDT


-  INDICATES NEGATIVE NUMBERS.
R  INDICATES RECORD WAS SET OR TIED.
MM INDICATES DATA IS MISSING.
T  INDICATES TRACE AMOUNT.




$$
