000
CDUS46 KEKA 211214
CLIUKI


CLIMATE REPORT
NATIONAL WEATHER SERVICE EUREKA CA
514 AM PDT TUE APR 21 2015


...................................

...THE UKIAH CA CLIMATE SUMMARY FOR APRIL 20 2015...

CLIMATE NORMAL PERIOD 1981 TO 2010
CLIMATE RECORD PERIOD 1903 TO 2015


WEATHER ITEM   OBSERVED TIME   RECORD YEAR NORMAL DEPARTURE LAST
                VALUE   (LST)  VALUE       VALUE  FROM      YEAR
                                                  NORMAL
..................................................................
TEMPERATURE (F)
 YESTERDAY
  MAXIMUM         81    336 PM  97    1931  70     11       84
  MINIMUM         49    408 AM  31    2008  43      6       41
                                      1917
  AVERAGE         65                        56      9       63

PRECIPITATION (IN)
  YESTERDAY        0.00          0.85 1955   0.09  -0.09     0.00
  MONTH TO DATE    1.41                      1.78  -0.37     1.08
  SINCE OCT 1     24.92                     34.23  -9.31    17.68
  SINCE JAN 1      7.15                     20.85 -13.70    16.34

SNOWFALL (IN)
  YESTERDAY        0.0          MM      MM  MM     MM        0.0
  MONTH TO DATE    0.0                      MM     MM        0.0
  SINCE MAR 1      0.0                      MM     MM        0.0
  SINCE JUL 1      0.0                      MM     MM        0.0
  SNOW DEPTH       0

DEGREE DAYS
 HEATING
  YESTERDAY        0                         9     -9        2
  MONTH TO DATE  180                       220    -40       96
  SINCE MAR 1    375                       634   -259      388
  SINCE JUL 1   1889                      2867   -978     2395

 COOLING
  YESTERDAY        0                         0      0        0
  MONTH TO DATE    2                         0      2        6
  SINCE MAR 1      7                         0      7        6
  SINCE JAN 1      7                         0      7        6
..................................................................


WIND (MPH)
  HIGHEST WIND SPEED    12   HIGHEST WIND DIRECTION     S (180)
  HIGHEST GUST SPEED    15   HIGHEST GUST DIRECTION     S (180)
  AVERAGE WIND SPEED     5.3


SKY COVER
  AVERAGE SKY COVER 0.2


WEATHER CONDITIONS
 THE FOLLOWING WEATHER WAS RECORDED YESTERDAY.
  FOG


RELATIVE HUMIDITY (PERCENT)
 HIGHEST   100
 LOWEST     42
 AVERAGE    71

..........................................................


THE UKIAH CA CLIMATE NORMALS FOR TODAY
                         NORMAL    RECORD    YEAR
 MAXIMUM TEMPERATURE (F)   70        97      2009
                                             1931
 MINIMUM TEMPERATURE (F)   43        30      1920


SUNRISE AND SUNSET
APRIL 21 2015.........SUNRISE   628 AM PDT   SUNSET   756 PM PDT
APRIL 22 2015.........SUNRISE   626 AM PDT   SUNSET   757 PM PDT


-  INDICATES NEGATIVE NUMBERS.
R  INDICATES RECORD WAS SET OR TIED.
MM INDICATES DATA IS MISSING.
T  INDICATES TRACE AMOUNT.




$$
