000
CDUS43 KUNR 060847
CLIUNR


CLIMATE REPORT
NATIONAL WEATHER SERVICE RAPID CITY SD
247 AM MDT WED MAY 6 2015


...................................

...THE EAST RAPID CITY SD CLIMATE SUMMARY FOR MAY 5 2015...

CLIMATE NORMAL PERIOD 1981 TO 2010
CLIMATE RECORD PERIOD 1888 TO 2015


WEATHER ITEM   OBSERVED RECORD YEAR NORMAL DEPARTURE LAST
                VALUE   VALUE       VALUE  FROM      YEAR
                                           NORMAL
...........................................................
TEMPERATURE (F)
 YESTERDAY
  MAXIMUM         63     92    2000  63      0       69
  MINIMUM         39     25    1944  41     -2       36
  AVERAGE         51                 52     -1       53

PRECIPITATION (IN)
  YESTERDAY        T      1.61 2007   0.11  -0.11     0.00
  MONTH TO DATE    0.34               0.57  -0.23      T
  SINCE MAR 1      1.39               3.66  -2.27     2.81
  SINCE JAN 1      1.94               4.43  -2.49     3.32

SNOWFALL (IN)
  YESTERDAY        0.0    5.8  1942   0.1   -0.1      0.0
  MONTH TO DATE    0.0                0.8   -0.8      0.0
  SINCE MAR 1      1.4               21.4  -20.0     22.8
  SINCE JUL 1     37.1               48.1  -11.0     72.9
  SNOW DEPTH       0

DEGREE DAYS
 HEATING
  YESTERDAY       14                 13      1       12
  MONTH TO DATE   42                 68    -26       73
  SINCE MAR 1   1181               1580   -399     1698
  SINCE JUL 1   5877               6534   -657     7046

 COOLING
  YESTERDAY        0                  0      0        0
  MONTH TO DATE    2                  0      2        0
  SINCE MAR 1      8                  1      7        0
  SINCE JAN 1      8                  1      7        0
...........................................................


WIND (MPH)
  HIGHEST GUST SPEED    29   HIGHEST GUST DIRECTION     S (170)



WEATHER CONDITIONS
 THE FOLLOWING WEATHER WAS RECORDED YESTERDAY.
  LIGHT RAIN


..........................................................


THE EAST RAPID CITY SD CLIMATE NORMALS FOR TODAY
                         NORMAL    RECORD    YEAR
 MAXIMUM TEMPERATURE (F)   63        89      1911
 MINIMUM TEMPERATURE (F)   42        25      1906


SUNRISE AND SUNSET
MAY  6 2015...........SUNRISE   538 AM MDT   SUNSET   802 PM MDT
MAY  7 2015...........SUNRISE   536 AM MDT   SUNSET   803 PM MDT


-  INDICATES NEGATIVE NUMBERS.
R  INDICATES RECORD WAS SET OR TIED.
MM INDICATES DATA IS MISSING.
T  INDICATES TRACE AMOUNT.




$$
