000
CDUS43 KLBF 030933
CLIVTN

CLIMATE REPORT
NATIONAL WEATHER SERVICE NORTH PLATTE
432 AM CDT SUN MAY 3 2015


...................................

...THE VALENTINE NE CLIMATE SUMMARY FOR MAY 2 2015...

CLIMATE NORMAL PERIOD 1981 TO 2010
CLIMATE RECORD PERIOD 1885 TO 2015


WEATHER ITEM   OBSERVED TIME   RECORD YEAR NORMAL DEPARTURE LAST
                VALUE   (LST)  VALUE       VALUE  FROM      YEAR
                                                  NORMAL
..................................................................
TEMPERATURE (F)
 YESTERDAY
  MAXIMUM         85    601 PM  90    1981  67     18       67
  MINIMUM         47    156 AM  21    1967  39      8       33
                                      1911
  AVERAGE         66                        53     13       50

PRECIPITATION (IN)
  YESTERDAY        0.00          1.35 1988   0.09  -0.09     0.00
  MONTH TO DATE    0.08                      0.18  -0.10     0.00
  SINCE MAR 1      1.73                      3.47  -1.74     3.54
  SINCE JAN 1      2.35                      4.21  -1.86     4.20

SNOWFALL (IN)
  YESTERDAY        0.0           2.9  1917   0.0    0.0      0.0
  MONTH TO DATE    0.0                       0.0    0.0      0.0
  SINCE MAR 1      0.8                      11.1  -10.3      8.3
  SINCE JUL 1     22.5                      33.2  -10.7     34.8
  SNOW DEPTH       0

DEGREE DAYS
 HEATING
  YESTERDAY        0                        13    -13       15
  MONTH TO DATE    5                        26    -21       34
  SINCE MAR 1   1143                      1473   -330     1529
  SINCE JUL 1   6269                      6709   -440     7007

 COOLING
  YESTERDAY        1                         0      1        0
  MONTH TO DATE    1                         0      1        0
  SINCE MAR 1      3                         4     -1        0
  SINCE JAN 1      3                         4     -1        0
..................................................................


WIND (MPH)
  HIGHEST WIND SPEED    23   HIGHEST WIND DIRECTION     S (160)
  HIGHEST GUST SPEED    29   HIGHEST GUST DIRECTION     S (170)
  AVERAGE WIND SPEED     5.6


SKY COVER
  POSSIBLE SUNSHINE  MM
  AVERAGE SKY COVER 0.0


WEATHER CONDITIONS
 THE FOLLOWING WEATHER WAS RECORDED YESTERDAY.
  NO SIGNIFICANT WEATHER WAS OBSERVED.


RELATIVE HUMIDITY (PERCENT)
 HIGHEST    89           700 AM
 LOWEST     21           700 PM
 AVERAGE    55

..........................................................


THE VALENTINE NE CLIMATE NORMALS FOR TODAY
                         NORMAL    RECORD    YEAR
 MAXIMUM TEMPERATURE (F)   67        89      1982
 MINIMUM TEMPERATURE (F)   40        18      2005


SUNRISE AND SUNSET
MAY  3 2015...........SUNRISE   634 AM CDT   SUNSET   845 PM CDT
MAY  4 2015...........SUNRISE   633 AM CDT   SUNSET   846 PM CDT


-  INDICATES NEGATIVE NUMBERS.
R  INDICATES RECORD WAS SET OR TIED.
MM INDICATES DATA IS MISSING.
T  INDICATES TRACE AMOUNT.

$$
