000
CDUS46 KPDT 070059
CLIYKM

CLIMATE REPORT
NATIONAL WEATHER SERVICE PENDLETON OR
545 PM PDT WED MAY 6 2015


...................................

...THE YAKIMA WA CLIMATE SUMMARY FOR MAY 6 2015...
VALID TODAY AS OF 0500 PM LOCAL TIME.

CLIMATE NORMAL PERIOD 1981 TO 2010
CLIMATE RECORD PERIOD 1946 TO 2015


WEATHER ITEM   OBSERVED TIME   RECORD YEAR NORMAL DEPARTURE LAST
                VALUE   (LST)  VALUE       VALUE  FROM      YEAR
                                                  NORMAL
..................................................................
TEMPERATURE (F)
 TODAY
  MAXIMUM         67   1242 PM  93    1992  70     -3       72
  MINIMUM         32    503 AM  27    2000  39     -7       38
  AVERAGE         50                        54     -4       55

PRECIPITATION (IN)
  TODAY            0.00          0.66 1986   0.02  -0.02     0.00
  MONTH TO DATE    0.00                      0.11  -0.11      T
  SINCE OCT 1      4.52                      6.32  -1.80     3.62
  SINCE JAN 1      2.42                      3.20  -0.78     2.79

SNOWFALL (IN)
  TODAY            0.0           0.0  2002   0.0    0.0      0.0
                                      2001
                                      2000
  MONTH TO DATE    0.0                       0.0    0.0      0.0
  SINCE JAN 1      1.6                       8.6   -7.0     19.9
  SINCE JUL 1      1.6                      21.6  -20.0     19.9
  SNOW DEPTH       0

DEGREE DAYS
 HEATING
  TODAY           15                        11      4       10
  MONTH TO DATE   41                        70    -29       35
  SINCE MAR 1    880                      1225   -345     1050
  SINCE JUL 1   4462                      5752  -1290     5452

 COOLING
  TODAY            0                         0      0        0
  MONTH TO DATE    2                         0      2        0
  SINCE MAR 1      2                         1      1        0
  SINCE JAN 1      2                         1      1        0
..................................................................


WIND (MPH)
  HIGHEST WIND SPEED    21   HIGHEST WIND DIRECTION    NW (320)
  HIGHEST GUST SPEED    25   HIGHEST GUST DIRECTION    NW (320)
  AVERAGE WIND SPEED     5.9


SKY COVER
  POSSIBLE SUNSHINE  MM
  AVERAGE SKY COVER 0.2


WEATHER CONDITIONS
 THE FOLLOWING WEATHER WAS RECORDED TODAY.
  NO SIGNIFICANT WEATHER WAS OBSERVED.


RELATIVE HUMIDITY (PERCENT)
 HIGHEST    78           500 AM
 LOWEST     21           200 PM
 AVERAGE    50

..........................................................


THE YAKIMA WA CLIMATE NORMALS FOR TOMORROW
                         NORMAL    RECORD    YEAR
 MAXIMUM TEMPERATURE (F)   70        93      1987
 MINIMUM TEMPERATURE (F)   39        27      2002


SUNRISE AND SUNSET
MAY  6 2015...........SUNRISE   540 AM PDT   SUNSET   818 PM PDT
MAY  7 2015...........SUNRISE   539 AM PDT   SUNSET   819 PM PDT


-  INDICATES NEGATIVE NUMBERS.
R  INDICATES RECORD WAS SET OR TIED.
MM INDICATES DATA IS MISSING.
T  INDICATES TRACE AMOUNT.




$$
