000
CDUS41 KPBZ 030704
CLIZZV


CLIMATE REPORT
NATIONAL WEATHER SERVICE PITTSBURGH PA
304 AM EDT SUN MAY 3 2015


...................................

...THE ZANESVILLE OH CLIMATE SUMMARY FOR MAY 2 2015...

CLIMATE NORMAL PERIOD 1981 TO 2010
CLIMATE RECORD PERIOD 1946 TO 2015


WEATHER ITEM   OBSERVED TIME   RECORD YEAR NORMAL DEPARTURE LAST
                VALUE   (LST)  VALUE       VALUE  FROM      YEAR
                                                  NORMAL
..................................................................
TEMPERATURE (F)
 YESTERDAY
  MAXIMUM         73    348 PM  85    1965  69      4       56
  MINIMUM         38    542 AM  26    1963  45     -7       45
  AVERAGE         56                        57     -1       51

PRECIPITATION (IN)
  YESTERDAY        0.00         MM      MM   0.12  -0.12     0.00
  MONTH TO DATE    0.06                      0.24  -0.18     0.04
  SINCE JUN 1     35.86                     33.91   1.95    39.15
  SINCE JAN 1     13.45                     11.51   1.94    10.84

DEGREE DAYS
 HEATING
  YESTERDAY        9                         9      0       14
  MONTH TO DATE   16                        18     -2       24
  SINCE MAR 1   1266                      1184     82     1291
  SINCE JUL 1   5923                      5375    548     5848

 COOLING
  YESTERDAY        0                         0      0        0
  MONTH TO DATE    0                         0      0        0
  SINCE MAR 1      1                         9     -8        5
  SINCE JAN 1      1                         9     -8        5
..................................................................


WIND (MPH)
  HIGHEST WIND SPEED    14   HIGHEST WIND DIRECTION    SW (240)
  HIGHEST GUST SPEED    18   HIGHEST GUST DIRECTION     W (250)
  AVERAGE WIND SPEED     2.8


SKY COVER
  POSSIBLE SUNSHINE  MM
  AVERAGE SKY COVER 0.1


WEATHER CONDITIONS
 THE FOLLOWING WEATHER WAS RECORDED YESTERDAY.
  NO SIGNIFICANT WEATHER WAS OBSERVED.


RELATIVE HUMIDITY (PERCENT)
 HIGHEST    85           400 AM
 LOWEST     29           500 PM
 AVERAGE    57

..........................................................


THE ZANESVILLE OH CLIMATE NORMALS FOR TODAY
                         NORMAL    RECORD    YEAR
 MAXIMUM TEMPERATURE (F)   69        88      2012
 MINIMUM TEMPERATURE (F)   45        30      1978


SUNRISE AND SUNSET
MAY  3 2015...........SUNRISE   626 AM EDT   SUNSET   824 PM EDT
MAY  4 2015...........SUNRISE   624 AM EDT   SUNSET   825 PM EDT


-  INDICATES NEGATIVE NUMBERS.
R  INDICATES RECORD WAS SET OR TIED.
MM INDICATES DATA IS MISSING.
T  INDICATES TRACE AMOUNT.




$$
