000
CXUS53 KLMK 011510
CLMBWG


CLIMATE REPORT
NATIONAL WEATHER SERVICE LOUISVILLE KY
1051 AM EDT FRI MAY 1 2015

...................................

...THE BOWLING GREEN CLIMATE SUMMARY FOR THE MONTH OF APRIL 2015...

CLIMATE NORMAL PERIOD 1981 TO 2010
CLIMATE RECORD PERIOD 1870 TO 2015

WEATHER         OBSERVED          NORMAL  DEPART  LAST YEAR`S
                 VALUE   DATE(S)  VALUE   FROM    VALUE  DATE(S)
                                          NORMAL
................................................................
TEMPERATURE (F)
RECORD
 HIGH              96   04/24/1925
 LOW               18   04/17/1875
HIGHEST            84   04/08        MM      MM       81  04/13
LOWEST             31   04/05        MM      MM       27  04/16
AVG. MAXIMUM     71.4              69.7     1.7     71.5
AVG. MINIMUM     49.0              45.6     3.4     45.8
MEAN             60.2              57.7     2.5     58.7
DAYS MAX >= 90      0               0.1    -0.1        0
DAYS MAX <= 32      0               0.0     0.0        0
DAYS MIN <= 32      1               2.3    -1.3        1
DAYS MIN <= 0       0               0.0     0.0        0

PRECIPITATION (INCHES)
RECORD
 MAXIMUM        11.49   1912
 MINIMUM         0.94   1976
TOTALS           9.08              4.34    4.74     6.57
DAILY AVG.       0.30              0.14    0.16     0.22
DAYS >= .01        13              11.7     1.3       13
DAYS >= .10        10               7.9     2.1        9
DAYS >= .50         7               3.0     4.0        6
DAYS >= 1.00        4               0.9     3.1        1
GREATEST
 24 HR. TOTAL    2.24   04/13 TO 04/14

SNOWFALL (INCHES)
RECORDS
 TOTAL            2.1   5
                        0
TOTALS            0.0               0.2    -0.2        T
SINCE 7/1        23.5               9.1    14.4     10.4
SNOWDEPTH AVG.      0                MM      MM        0
DAYS >= 1.0         0               0.1    -0.1        0
GREATEST
 SNOW DEPTH         0   MM                             0  MM
 24 HR TOTAL      0.0   04/30 TO 04/30

DEGREE_DAYS
HEATING TOTAL     172               251     -79      195
 SINCE 7/1       4247              3969     278     4457
COOLING TOTAL      35                31       4       14
 SINCE 1/1         35                36      -1       14
.................................................................

WIND (MPH)
AVERAGE WIND SPEED              6.8
HIGHEST WIND SPEED/DIRECTION    33/270    DATE  04/02
HIGHEST GUST SPEED/DIRECTION    49/250    DATE  04/02

SKY COVER
POSSIBLE SUNSHINE (PERCENT)   MM
AVERAGE SKY COVER           0.40
NUMBER OF DAYS FAIR           14
NUMBER OF DAYS PC              7
NUMBER OF DAYS CLOUDY          9

AVERAGE RH (PERCENT)     64

WEATHER CONDITIONS. NUMBER OF DAYS WITH
THUNDERSTORM              9     MIXED PRECIP               0
HEAVY RAIN                8     RAIN                      11
LIGHT RAIN               16     FREEZING RAIN              0
LT FREEZING RAIN          0     HAIL                       0
HEAVY SNOW                0     SNOW                       0
LIGHT SNOW                0     SLEET                      0
FOG                      15     FOG W/VIS <= 1/4 MILE      1
HAZE                      4

-  INDICATES NEGATIVE NUMBERS.
R  INDICATES RECORD WAS SET OR TIED.
MM INDICATES DATA IS MISSING.
T  INDICATES TRACE AMOUNT.

4TH WETTEST APRIL ON RECORD.

$$

CMC
