000
CXUS54 KCRP 011854
CLMCRP

CLIMATE REPORT
NATIONAL WEATHER SERVICE CORPUS CHRISTI TX
139 PM CDT WED APR 1 2015

...................................

...THE CORPUS CHRISTI CLIMATE SUMMARY FOR THE MONTH OF MARCH 2015...

CLIMATE NORMAL PERIOD 1981 TO 2010
CLIMATE RECORD PERIOD 1887 TO 2015

WEATHER         OBSERVED          NORMAL  DEPART  LAST YEAR`S
                 VALUE   DATE(S)  VALUE   FROM    VALUE  DATE(S)
                                          NORMAL
................................................................
TEMPERATURE (F)
RECORD
 HIGH             102   03/30/1989
 LOW               24   03/02/1980
HIGHEST            80   03/31        76       4       98  03/28
                        03/30
                        03/28
LOWEST             38   03/06        56     -18       34  03/03
                        03/05
AVG. MAXIMUM     70.7              75.9    -5.2     72.8
AVG. MINIMUM     56.1              56.3    -0.2     53.5
MEAN             63.4              66.1    -2.7     63.2
DAYS MAX >= 90      0               0.7    -0.7        1
DAYS MAX <= 32      0               0.0     0.0        0
DAYS MIN <= 32      0               0.2    -0.2        0
DAYS MIN <= 0       0               0.0     0.0        0

PRECIPITATION (INCHES)
RECORD
 MAXIMUM         7.69   1903
 MINIMUM         0.00   1916
TOTALS           6.13              1.89    4.24     1.65
DAILY AVG.       0.20              0.06    0.14     0.05
DAYS >= .01        14               5.3     8.7        6
DAYS >= .10         4               2.7     1.3        3
DAYS >= .50         4               1.1     2.9        1
DAYS >= 1.00        3               0.6     2.4        0
GREATEST
 24 HR. TOTAL    2.15   03/09 TO 03/09              0.86

SNOWFALL (INCHES)
RECORDS
 TOTAL            0.2   1932
 24 HR TOTAL      0.2   03/10/1932 TO 03/10/1932
TOTALS            0.0               0.0     0.0      0.0
SINCE 7/1         0.0               0.2    -0.2        T
SNOWDEPTH AVG.      0                MM      MM        0
DAYS >= 1.0         0               0.0     0.0        0
GREATEST
 SNOW DEPTH         0   MM                             0
 24 HR TOTAL      0.0   MM                           0.0

DEGREE_DAYS
HEATING TOTAL     116                81      35      132
 SINCE 7/1       1053               881     172     1131
COOLING TOTAL      75               115     -40       84
 SINCE 1/1        103               191     -88      161
.................................................................

WIND (MPH)
AVERAGE WIND SPEED              10.2
HIGHEST WIND SPEED/DIRECTION    36/360    DATE  03/05
HIGHEST GUST SPEED/DIRECTION    46/360    DATE  03/05

SKY COVER
AVERAGE SKY COVER           0.80

AVERAGE RH (PERCENT)     80

WEATHER CONDITIONS. NUMBER OF DAYS WITH
THUNDERSTORM              1     MIXED PRECIP               0
HEAVY RAIN                4     RAIN                       6
LIGHT RAIN               19     FREEZING RAIN              0
LT FREEZING RAIN          0     HAIL                       0
HEAVY SNOW                0     SNOW                       0
LIGHT SNOW                0     SLEET                      0
FOG                      23     FOG W/VIS <= 1/4 MILE      7
HAZE                      4

-  INDICATES NEGATIVE NUMBERS.
R  INDICATES RECORD WAS SET OR TIED.
MM INDICATES DATA IS MISSING.
T  INDICATES TRACE AMOUNT.

$$

88
