000
CXUS53 KLBF 011320
CLMIML


CLIMATE REPORT
NATIONAL WEATHER SERVICE NORTH PLATTE
817 AM CDT WED APR 1 2015

...................................

...THE IMPERIAL NE CLIMATE SUMMARY FOR THE MONTH OF MARCH 2015...

CLIMATE NORMAL PERIOD 1981 TO 2010
CLIMATE RECORD PERIOD 1893 TO 2015

WEATHER         OBSERVED          NORMAL  DEPART  LAST YEAR`S
                 VALUE   DATE(S)  VALUE   FROM    VALUE  DATE(S)
                                          NORMAL
................................................................
TEMPERATURE (F)
RECORD
 HIGH              89   03/16/2015
                        03/29/1967
                        03/31/1946
 LOW              -24   03/03/1960
HIGHEST            89R  03/16        78      11       76  03/26
                                                          03/10
                                                          03/09
LOWEST              4   03/05         7      -3       -4  03/02
AVG. MAXIMUM     63.2              54.1     9.1     55.0
AVG. MINIMUM     27.6              25.6     2.0     24.7
MEAN             45.4              39.8     5.6     39.8
DAYS MAX >= 90      0               0.0     0.0        0
DAYS MAX <= 32      2               1.5     0.5        3
DAYS MIN <= 32     21              25.5    -4.5       27
DAYS MIN <= 0       0               0.2    -0.2        2

PRECIPITATION (INCHES)
RECORD
 MAXIMUM         6.15   1981
 MINIMUM         0.10   1968
TOTALS           0.16              1.07   -0.91     0.20
DAILY AVG.       0.01              0.03   -0.02     0.01
DAYS >= .01         5                MM      MM        6
DAYS >= .10         0                MM      MM        1
DAYS >= .50         0                MM      MM        0
DAYS >= 1.00        0                MM      MM        0
GREATEST
 24 HR. TOTAL    0.07   03/23 TO 03/23

SNOWFALL (INCHES)
TOTALS             MM

DEGREE_DAYS
HEATING TOTAL     599               780    -181      774
 SINCE 7/1       5048              5369    -321     5571
COOLING TOTAL       0                 0       0        0
 SINCE 1/1          0                 0       0        0
.........................................................

WIND (MPH)
HIGHEST WIND SPEED/DIRECTION    43/030    DATE  03/16
HIGHEST GUST SPEED/DIRECTION    52/030    DATE  03/16

AVERAGE RH (PERCENT)     46

WEATHER CONDITIONS. NUMBER OF DAYS WITH
THUNDERSTORM              0     MIXED PRECIP               0
HEAVY RAIN                0     RAIN                       0
LIGHT RAIN                1     FREEZING RAIN              0
LT FREEZING RAIN          0     HAIL                       0
HEAVY SNOW                0     SNOW                       0
LIGHT SNOW                4     SLEET                      0
FOG                       5     FOG W/VIS <= 1/4 MILE      0
HAZE                      8

-  INDICATES NEGATIVE NUMBERS.
R  INDICATES RECORD WAS SET OR TIED.
MM INDICATES DATA IS MISSING.
T  INDICATES TRACE AMOUNT.

$$
