000
CXUS53 KEAX 021453
CLMIRK

CLIMATE REPORT
NATIONAL WEATHER SERVICE KANSAS CITY/PLEASANT HILL MO
947 AM CDT THU APR 2 2015

...................................

...THE KIRKSVILLE CLIMATE SUMMARY FOR THE MONTH OF MARCH 2015...

CLIMATE NORMAL PERIOD 1981 TO 2010
CLIMATE RECORD PERIOD 9999 TO 9999

WEATHER         OBSERVED          NORMAL  DEPART  LAST YEAR`S
                 VALUE   DATE(S)  VALUE   FROM    VALUE  DATE(S)
                                          NORMAL
................................................................
TEMPERATURE (F)
HIGHEST            81   03/16        75       6       73  03/31
LOWEST              9   03/05        11      -2       -7  03/03
AVG. MAXIMUM     54.9              50.9     4.0     48.7
AVG. MINIMUM     30.3              30.5    -0.2     22.7
MEAN             42.6              40.7     1.9     35.7
DAYS MAX >= 90      0               0.0     0.0        0
DAYS MAX <= 32      3               2.2     0.8        3
DAYS MIN <= 32     18              18.4    -0.4       26
DAYS MIN <= 0       0               0.2    -0.2        2

PRECIPITATION (INCHES)
TOTALS           0.82              2.55   -1.73     1.07
DAILY AVG.       0.03              0.08   -0.05     0.03
DAYS >= .01         7               9.5    -2.5        8
DAYS >= .10         2               5.9    -3.9        6
DAYS >= .50         1               1.6    -0.6        0
DAYS >= 1.00        0               0.6    -0.6        0
GREATEST
 24 HR. TOTAL    0.56   03/24 TO 03/24

DEGREE_DAYS
HEATING TOTAL     686               754     -68      902
 SINCE 7/1       5365              5287      78     5872
COOLING TOTAL       1                 0       1        0
 SINCE 1/1          1                 0       1        0
.................................................................

WIND (MPH)
AVERAGE WIND SPEED              9.2
HIGHEST WIND SPEED/DIRECTION    25/300    DATE  03/29
HIGHEST GUST SPEED/DIRECTION    34/020    DATE  03/17

SKY COVER
POSSIBLE SUNSHINE (PERCENT)    0
AVERAGE SKY COVER           0.30
NUMBER OF DAYS FAIR           21
NUMBER OF DAYS PC              6
NUMBER OF DAYS CLOUDY          4

AVERAGE RH (PERCENT)     63

WEATHER CONDITIONS. NUMBER OF DAYS WITH
THUNDERSTORM              0     MIXED PRECIP               0
HEAVY RAIN                1     RAIN                       0
LIGHT RAIN                7     FREEZING RAIN              1
LT FREEZING RAIN          2     HAIL                       0
HEAVY SNOW                0     SNOW                       1
LIGHT SNOW                1     SLEET                      0
FOG                      12     FOG W/VIS <= 1/4 MILE      1
HAZE                      8

-  INDICATES NEGATIVE NUMBERS.
R  INDICATES RECORD WAS SET OR TIED.
MM INDICATES DATA IS MISSING.
T  INDICATES TRACE AMOUNT.

$$
