000
CXUS51 KOKX 011608
CLMJFK

CLIMATE REPORT
NATIONAL WEATHER SERVICE NEW YORK NY
1208 PM EDT WED APR 1 2015

...................................

...THE KENNEDY NY CLIMATE SUMMARY FOR THE MONTH OF MARCH 2015...

CLIMATE NORMAL PERIOD 1981 TO 2010
CLIMATE RECORD PERIOD 1949 TO 2015

WEATHER         OBSERVED          NORMAL  DEPART  LAST YEAR`S
                 VALUE   DATE(S)  VALUE   FROM    VALUE  DATE(S)
                                          NORMAL
................................................................
TEMPERATURE (F)
RECORD
 HIGH              85   03/13/1990
 LOW                4   03/26/1960
HIGHEST            62   03/11        MM      MM       65  03/22
                                                          03/11
LOWEST             13   03/06        MM      MM       13  03/04
AVG. MAXIMUM     45.3              49.0    -3.7     45.8
AVG. MINIMUM     30.2              34.2    -4.0     28.9
MEAN             37.8              41.6    -3.8     37.4
DAYS MAX >= 90      0               0.0     0.0        0
DAYS MAX <= 32      1               0.7     0.3        2
DAYS MIN <= 32     19              11.0     8.0       19
DAYS MIN <= 0       0               0.0     0.0        0

PRECIPITATION (INCHES)
RECORD
 MAXIMUM         8.62   2010
 MINIMUM         0.95   1981
TOTALS           4.88              3.78    1.10     4.26
DAILY AVG.       0.16              0.12    0.04     0.14
DAYS >= .01        15              11.0     4.0        7
DAYS >= .10        10               7.0     3.0        5
DAYS >= .50         4               2.6     1.4        3
DAYS >= 1.00        1               1.0     0.0        1
GREATEST
 24 HR. TOTAL    1.11   03/14 TO 03/14           03/29 TO 03/29
                                                          03/03 TO 03/03
                                                          03/03 TO 03/03
 STORM TOTAL       MM                                 MM
 (MM/DD(HH))            MM                    03/29(00) TO 03/29(00)
                                                 03/03(00) TO 03/03(00)3
                                                 03/03(00) TO 03/03(00)3

SNOWFALL (INCHES)
RECORDS
 TOTAL           15.5   1967
                        0
                        0
 24 HR TOTAL       MM
TOTALS           13.1               3.5     9.6      0.6
 LIQUID EQUIV    1.31              0.30    1.01     0.06
SINCE 7/1        44.2              23.0    21.2
 LIQUID 7/1      4.42              2.30             4.55
DAYS >= TRACE      11               2.3     8.7        7
DAYS >= 1.0         4               1.0     3.0        0
GREATEST
 SNOW DEPTH         7   03/06                          1  03/03
 24 HR TOTAL      5.8   MM                       03/03 TO 03/03
                                                          03/03 TO 03/03
                                                          03/03 TO 03/03
 STORM TOTAL       MM                                 MM
 (MM/DD(HH))            MM                    03/03(00) TO 03/03(00)
                                                 03/03(00) TO 03/03(00)3
                                                 03/03(00) TO 03/03(00)3

DEGREE_DAYS
HEATING TOTAL     837               725     112      850
 SINCE 7/1       4529              4236     293     4557
COOLING TOTAL       0                 0       0        0
 SINCE 1/1          0                 0       0        0
....................................................

WIND (MPH)
AVERAGE WIND SPEED              11.8
HIGHEST WIND SPEED/DIRECTION    43/300    DATE  03/17
HIGHEST GUST SPEED/DIRECTION    53/320    DATE  03/17

SKY COVER
POSSIBLE SUNSHINE (PERCENT)   MM
AVERAGE SKY COVER           0.70
NUMBER OF DAYS FAIR            4
NUMBER OF DAYS PC             13
NUMBER OF DAYS CLOUDY         14

AVERAGE RH (PERCENT)     57

WEATHER CONDITIONS. NUMBER OF DAYS WITH
THUNDERSTORM              0     MIXED PRECIP               0
HEAVY RAIN                1     RAIN                       6
LIGHT RAIN               12     FREEZING RAIN              0
LT FREEZING RAIN          1     HAIL                       0
HEAVY SNOW                0     SNOW                       4
LIGHT SNOW               10     SLEET                      3
FOG                      12     FOG W/VIS <= 1/4 MILE      3
HAZE                      3

-  INDICATES NEGATIVE NUMBERS.
R  INDICATES RECORD WAS SET OR TIED.
MM INDICATES DATA IS MISSING.
T  INDICATES TRACE AMOUNT.

$$
