000
CXUS54 KMOB 010735
CLMMOB


CLIMATE REPORT
NATIONAL WEATHER SERVICE MOBILE AL
220 AM CDT WED APR 1 2015

...................................

...THE MOBILE CLIMATE SUMMARY FOR THE MONTH OF MARCH 2015...

CLIMATE NORMAL PERIOD 1981 TO 2010
CLIMATE RECORD PERIOD 1842 TO 2015

WEATHER         OBSERVED          NORMAL  DEPART  LAST YEAR`S
                 VALUE   DATE(S)  VALUE   FROM    VALUE  DATE(S)
                                          NORMAL
................................................................
TEMPERATURE (F)
RECORD
 HIGH              91   03/27/1910
 LOW               21   03/14/1993
HIGHEST            85   03/18                         79  03/22
                        03/17                             03/10
LOWEST             26   03/06                         31  03/26
                                                          03/04
AVG. MAXIMUM     74.0              71.2     2.8     66.8
AVG. MINIMUM     54.4              49.1     5.3     45.0
MEAN             64.2              60.2     4.0     55.9
DAYS MAX >= 90      0               0.0     0.0        0
DAYS MAX <= 32      0               0.0     0.0        0
DAYS MIN <= 32      3               1.1     1.9        4
DAYS MIN <= 0       0               0.0     0.0        0

PRECIPITATION (INCHES)

TOTALS           3.96              6.14   -2.18     6.50
DAILY AVG.       0.13              0.20   -0.07     0.21
DAYS >= .01        11               8.6     2.4       12
DAYS >= .10         7               6.0     1.0        9
DAYS >= .50         2               3.2    -1.2        4
DAYS >= 1.00        2               2.1    -0.1        2
GREATEST
 24 HR. TOTAL    1.19   03/13 TO 03/13

SNOWFALL (INCHES)

TOTALS            0.0               0.1    -0.1      0.0
SINCE 7/1           T               0.2    -0.2      1.3
SNOWDEPTH AVG.      0                                  0
DAYS >= 1.0         0               0.0     0.0        0
GREATEST
 SNOW DEPTH         0                                  0
 24 HR TOTAL      0.0   03/31 TO 03/31

DEGREE_DAYS
HEATING TOTAL     114               189     -75      276
 SINCE 7/1       1816              1631     185     1979
COOLING TOTAL      96                39      57        1
 SINCE 1/1        100                55      45       13
.................................................................

WIND (MPH)
AVERAGE WIND SPEED              7.8
HIGHEST WIND SPEED/DIRECTION    31/340    DATE  03/05
HIGHEST GUST SPEED/DIRECTION    39/350    DATE  03/05

SKY COVER
POSSIBLE SUNSHINE (PERCENT)   MM
AVERAGE SKY COVER           0.60
NUMBER OF DAYS FAIR            7
NUMBER OF DAYS PC             11
NUMBER OF DAYS CLOUDY         13

AVERAGE RH (PERCENT)     76

WEATHER CONDITIONS. NUMBER OF DAYS WITH
THUNDERSTORM              2     MIXED PRECIP               0
HEAVY RAIN                5     RAIN                       7
LIGHT RAIN               14     FREEZING RAIN              0
LT FREEZING RAIN          0     HAIL                       0
HEAVY SNOW                0     SNOW                       0
LIGHT SNOW                0     SLEET                      0
FOG                      24     FOG W/VIS <= 1/4 MILE      4
HAZE                     13

-  INDICATES NEGATIVE NUMBERS.
R  INDICATES RECORD WAS SET OR TIED.
MM INDICATES DATA IS MISSING.
T  INDICATES TRACE AMOUNT.

$$
