000
CXUS51 KOKX 011606
CLMNYC

CLIMATE REPORT
NATIONAL WEATHER SERVICE NEW YORK NY
1155 AM EDT WED APR 1 2015

...................................

...THE CENTRAL PARK NY CLIMATE SUMMARY FOR THE MONTH OF MARCH 2015...

CLIMATE NORMAL PERIOD 1981 TO 2010
CLIMATE RECORD PERIOD 1869 TO 2015

WEATHER         OBSERVED          NORMAL  DEPART  LAST YEAR`S
                 VALUE   DATE(S)  VALUE   FROM    VALUE  DATE(S)
                                          NORMAL
................................................................
TEMPERATURE (F)
RECORD
 HIGH              86   03/31/1998
                        03/29/1945
 LOW                3   03/05/1872
HIGHEST            62   03/26        MM      MM       66  03/11
LOWEST             12   03/06        MM      MM       13  03/04
AVG. MAXIMUM     45.3              49.7    -4.4     45.5
AVG. MINIMUM     30.9              35.2    -4.3     29.8
MEAN             38.1              42.5    -4.4     37.7
DAYS MAX >= 90      0               0.0     0.0        0
DAYS MAX <= 32      2               0.8     1.2        4
DAYS MIN <= 32     16               9.7     6.3       19
DAYS MIN <= 0       0               0.0     0.0        0

PRECIPITATION (INCHES)
RECORD
 MAXIMUM        10.69   2010
 MINIMUM         0.80   2006
TOTALS           4.72              4.36    0.36     3.67
DAILY AVG.       0.15              0.14    0.01     0.12
DAYS >= .01        14              10.9     3.1        7
DAYS >= .10        10               7.1     2.9        5
DAYS >= .50         4               2.7     1.3        2
DAYS >= 1.00        0               1.0    -1.0        1
GREATEST
 24 HR. TOTAL    0.81   03/14 TO 03/14           03/29 TO 03/29
                                                          03/03 TO 03/03
                                                          03/03 TO 03/03
 STORM TOTAL       MM                                 MM
 (MM/DD(HH))            MM                    03/29(00) TO 03/29(00)
                                                 03/03(00) TO 03/03(00)3
                                                 03/03(00) TO 03/03(00)3

SNOWFALL (INCHES)
TOTALS           18.6               3.9    14.7      0.1
 LIQUID EQUIV    1.86              0.40    1.46     0.01
SINCE 7/1        50.3              25.2    25.1     57.4
 LIQUID 7/1      5.03              2.50    2.53     5.74
SNOWDEPTH AVG.      5                MM      MM        1
DAYS >= TRACE       8               1.8     6.2        4
DAYS >= 1.0         4               1.1     2.9        0
GREATEST
 SNOW DEPTH        19   03/06                          6  03/01
 24 HR TOTAL      7.5   03/05 TO 03/05           03/03 TO 03/03
                                                          03/03 TO 03/03
                                                          03/03 TO 03/03
 STORM TOTAL       MM                                 MM
 (MM/DD(HH))            MM                    03/03(00) TO 03/03(00)
                                                 03/03(00) TO 03/03(00)3
                                                 03/03(00) TO 03/03(00)3

DEGREE_DAYS
HEATING TOTAL     826               700     126      842
 SINCE 7/1       4585              4222     363     4512
COOLING TOTAL       0                 1      -1        0
 SINCE 1/1          0                 1      -1        0
....................................................

WIND (MPH)
AVERAGE WIND SPEED              6.1
HIGHEST WIND SPEED/DIRECTION    24/290    DATE  03/30
HIGHEST GUST SPEED/DIRECTION    44/280    DATE  03/30

AVERAGE RH (PERCENT)     54

WEATHER CONDITIONS. NUMBER OF DAYS WITH
THUNDERSTORM              0     MIXED PRECIP               0
HEAVY RAIN                1     RAIN                       5
LIGHT RAIN               12     FREEZING RAIN              1
LT FREEZING RAIN          1     HAIL                       0
HEAVY SNOW                3     SNOW                       4
LIGHT SNOW                7     SLEET                      0
FOG                      13     FOG W/VIS <= 1/4 MILE      3
HAZE                     14

-  INDICATES NEGATIVE NUMBERS.
R  INDICATES RECORD WAS SET OR TIED.
MM INDICATES DATA IS MISSING.
T  INDICATES TRACE AMOUNT.

$$
