000
CXUS56 KMTR 020359
CLMWVI


CLIMATE REPORT
NATIONAL WEATHER SERVICE SAN FRANCISCO BAY AREA
859 PM PDT FRI MAY 1 2015

...................................

...THE WATSONVILLE AIRPORT CLIMATE SUMMARY FOR THE MONTH OF APRIL 2015...

CLIMATE NORMAL PERIOD 1981 TO 2010
CLIMATE RECORD PERIOD 1998 TO 2015

WEATHER         OBSERVED          NORMAL   LAST YEAR`S
                 VALUE   DATE(S)  VALUE    VALUE  DATE(S)

.........................................................
TEMPERATURE (F)
HIGHEST            90   04/30        MM        90  04/30
LOWEST             40   04/06        MM        41  04/02
AVG. MAXIMUM     70.1                        68.0
AVG. MINIMUM     46.1                        47.2
MEAN             58.1              55.5      57.6
DAYS MAX >= 90      1                           1
DAYS MAX <= 32      0                           0
DAYS MIN <= 32      0                           0
DAYS MIN <= 0       0                           0

PRECIPITATION (INCHES)
RECORD
 MAXIMUM           MM   MM
 MINIMUM           MM   MM
TOTALS           0.37                        1.10
DAILY AVG.       0.01                        0.04
DAYS >= .01         2                           5
DAYS >= .10         1                           2
DAYS >= .50         0                           1
DAYS >= 1.00        0                           0
GREATEST
 24 HR. TOTAL    0.36   04/25 TO 04/25    03/31 TO 04/01
                                                   04/30 TO 04/30
                                                   04/30 TO 04/30

DEGREE_DAYS
HEATING TOTAL     180                         217
 SINCE 7/1       1306                        2199
COOLING TOTAL       1                           6
 SINCE 1/1         14                           6
..........................................................

WIND (MPH)
AVERAGE WIND SPEED              4.9
RESULTANT WIND SPEED/DIRECTION   2/208
HIGHEST WIND SPEED/DIRECTION    23/230    DATE  04/25
HIGHEST GUST SPEED/DIRECTION    33/230    DATE  04/25

SKY COVER
POSSIBLE SUNSHINE (PERCENT)   MM
AVERAGE SKY COVER           0.30
NUMBER OF DAYS FAIR           19
NUMBER OF DAYS PC              5
NUMBER OF DAYS CLOUDY          5

AVERAGE RH (PERCENT)     66

WEATHER CONDITIONS. NUMBER OF DAYS WITH
THUNDERSTORM              0     MIXED PRECIP               0
HEAVY RAIN                0     RAIN                       1
LIGHT RAIN                4     FREEZING RAIN              0
LT FREEZING RAIN          0     HAIL                       0
HEAVY SNOW                0     SNOW                       0
LIGHT SNOW                0     SLEET                      0
FOG                      13     FOG W/VIS <= 1/4 MILE      1
HAZE                      8

-  INDICATES NEGATIVE NUMBERS.
R  INDICATES RECORD WAS SET OR TIED.
MM INDICATES DATA IS MISSING.
T  INDICATES TRACE AMOUNT.

$$
