000
CXUS53 KEAX 021500 CCA
CLSDMO

CLIMATE REPORT...CORRECTED
NATIONAL WEATHER SERVICE KANSAS CITY/PLEASANT HILL MO
1241 AM CST MON MAR 2 2015

...................................

...THE JOHNSON COUNTY EXECUTIVE CLIMATE SUMMARY FOR THE MONTH OF FEBRUARY 2015...

CLIMATE NORMAL PERIOD 1981 TO 2010
CLIMATE RECORD PERIOD 9999 TO 9999

WEATHER         OBSERVED          NORMAL  DEPART  LAST YEAR`S
                 VALUE   DATE(S)  VALUE   FROM    VALUE  DATE(S)
                                          NORMAL
................................................................
TEMPERATURE (F)
HIGHEST            67   02/08        68      -1       64  02/18
LOWEST              3   02/19         5      -2       -3  02/06
AVG. MAXIMUM     36.8              44.5    -7.7     34.5
AVG. MINIMUM     16.9              25.1    -8.2     16.9
MEAN             26.9              34.8    -7.9     25.7
DAYS MAX >= 90      0               0.0     0.0        0
DAYS MAX <= 32     13               5.5     7.5       15
DAYS MIN <= 32     25              20.1     4.9       25
DAYS MIN <= 0       0               0.9    -0.9        2

PRECIPITATION (INCHES)
TOTALS           0.82              1.57   -0.75     0.46
DAILY AVG.       0.03              0.06   -0.03     0.02
DAYS >= .01         8               6.1     1.9        4
DAYS >= .10         5               3.8     1.2        2
DAYS >= .50         0               0.9    -0.9        0
DAYS >= 1.00        0               0.3    -0.3        0
GREATEST
 24 HR. TOTAL    0.28   02/01 TO 02/01

DEGREE_DAYS
HEATING TOTAL    1062               845     217     1094
 SINCE 7/1       4035              3893     142     4481
COOLING TOTAL       0                 0       0        0
 SINCE 1/1          0                 0       0        0
.................................................................

WIND (MPH)
AVERAGE WIND SPEED              9.6
HIGHEST WIND SPEED/DIRECTION    30/360    DATE  02/26
HIGHEST GUST SPEED/DIRECTION    40/360    DATE  02/25

SKY COVER
POSSIBLE SUNSHINE (PERCENT)   MM
AVERAGE SKY COVER           0.40
NUMBER OF DAYS FAIR           14
NUMBER OF DAYS PC             10
NUMBER OF DAYS CLOUDY          4

AVERAGE RH (PERCENT)     66

WEATHER CONDITIONS. NUMBER OF DAYS WITH
THUNDERSTORM              0     MIXED PRECIP               0
HEAVY RAIN                0     RAIN                       0
LIGHT RAIN                2     FREEZING RAIN              1
LT FREEZING RAIN          2     HAIL                       0
HEAVY SNOW                0     SNOW                       3
LIGHT SNOW                9     SLEET                      0
FOG                      13     FOG W/VIS <= 1/4 MILE      1
HAZE                     10

-  INDICATES NEGATIVE NUMBERS.
R  INDICATES RECORD WAS SET OR TIED.
MM INDICATES DATA IS MISSING.
T  INDICATES TRACE AMOUNT.

$$
