000
CDUS43 KEAX 230633
CLIMCI

CLIMATE REPORT
NATIONAL WEATHER SERVICE KANSAS CITY/PLEASANT HILL MO
131 AM CDT THU APR 23 2015


...................................

...THE KANSAS CITY INTERNATIONAL MO CLIMATE SUMMARY FOR APRIL 22 2015...

CLIMATE NORMAL PERIOD 1981 TO 2010
CLIMATE RECORD PERIOD 1888 TO 2015


WEATHER ITEM   OBSERVED TIME   RECORD YEAR NORMAL DEPARTURE LAST
                VALUE   (LST)  VALUE       VALUE  FROM      YEAR
                                                  NORMAL
..................................................................
TEMPERATURE (F)
 YESTERDAY
  MAXIMUM         58    448 PM  91    1989  68    -10       69
  MINIMUM         33    520 AM  25    1986  46    -13       42
  AVERAGE         46                        57    -11       56

PRECIPITATION (IN)
  YESTERDAY        0.00          4.18 1944   0.14  -0.14     0.00
  MONTH TO DATE    2.73                      2.50   0.23     1.25
  SINCE MAR 1      3.61                      4.87  -1.26     2.86
  SINCE JAN 1      5.79                      7.40  -1.61     4.61

SNOWFALL (IN)
  YESTERDAY        0.0           0.0    MM   0.1   -0.1      0.0
  MONTH TO DATE    0.0                       0.6   -0.6      0.1
  SINCE MAR 1      T                         2.6   -2.6      3.6
  SINCE JUL 1     14.2                      18.8   -4.6     26.2
  SNOW DEPTH       0

DEGREE DAYS
 HEATING
  YESTERDAY       19                         9     10        9
  MONTH TO DATE  175                       268    -93      282
  SINCE MAR 1    737                       914   -177     1047
  SINCE JUL 1   4951                      4959     -8     5613

 COOLING
  YESTERDAY        0                         1     -1        0
  MONTH TO DATE    7                        16     -9        7
  SINCE MAR 1      9                        19    -10        7
  SINCE JAN 1      9                        19    -10        7
..................................................................


WIND (MPH)
  HIGHEST WIND SPEED    15   HIGHEST WIND DIRECTION     N (360)
  HIGHEST GUST SPEED    19   HIGHEST GUST DIRECTION     N (350)
  AVERAGE WIND SPEED     6.0


SKY COVER
  POSSIBLE SUNSHINE  MM
  AVERAGE SKY COVER 0.2


WEATHER CONDITIONS
 THE FOLLOWING WEATHER WAS RECORDED YESTERDAY.
  NO SIGNIFICANT WEATHER WAS OBSERVED.


RELATIVE HUMIDITY (PERCENT)
 HIGHEST    69           600 AM
 LOWEST     26           400 PM
 AVERAGE    48

..........................................................


THE KANSAS CITY INTERNATIONAL MO CLIMATE NORMALS FOR TODAY
                         NORMAL    RECORD    YEAR
 MAXIMUM TEMPERATURE (F)   68        90      1965
 MINIMUM TEMPERATURE (F)   47        32      1893


SUNRISE AND SUNSET
APRIL 23 2015.........SUNRISE   631 AM CDT   SUNSET   804 PM CDT
APRIL 24 2015.........SUNRISE   630 AM CDT   SUNSET   805 PM CDT


-  INDICATES NEGATIVE NUMBERS.
R  INDICATES RECORD WAS SET OR TIED.
MM INDICATES DATA IS MISSING.
T  INDICATES TRACE AMOUNT.




&&

...MISCELLANEOUS CLIMATE DATA FROM YESTERDAY...

LOCATION                HIGH    LOW      PRECIP
ST. JOSEPH               58      32       0.00
DOWNTOWN KANSAS CITY     60      39       0.00
OLATHE NEW CENTURY       58      33       0.00
OLATHE JO CO EXEC        58      39       0.00
LEES SUMMIT              57      38       0.00
KIRKSVILLE               55      34       0.00
CHILLICOTHE              59      36       0.00
SEDALIA                  58      39       T
NWS PLEASANT HILL MO     56      38       0.00


THIS PRODUCT...ALONG WITH OTHER WEATHER...HYDROLOGICAL AND CLIMATE
INFORMATION...IS AVAILABLE ON THE WEB AT HTTP://WWW.CRH.NOAA.GOV/EAX
OR AT HTTP://WEATHER.GOV

$$

MJ
