000
CDUS43 KEAX 020638
CLIMCI

CLIMATE REPORT
NATIONAL WEATHER SERVICE KANSAS CITY/PLEASANT HILL MO
136 AM CDT SAT MAY 2 2015


...................................

...THE KANSAS CITY INTERNATIONAL MO CLIMATE SUMMARY FOR MAY 1 2015...

CLIMATE NORMAL PERIOD 1981 TO 2010
CLIMATE RECORD PERIOD 1888 TO 2015


WEATHER ITEM   OBSERVED TIME   RECORD YEAR NORMAL DEPARTURE LAST
                VALUE   (LST)  VALUE       VALUE  FROM      YEAR
                                                  NORMAL
..................................................................
TEMPERATURE (F)
 YESTERDAY
  MAXIMUM         74    349 PM  90    1959  70      4       54
  MINIMUM         45    555 AM  29    1909  50     -5       42
  AVERAGE         60                        60      0       48

PRECIPITATION (IN)
  YESTERDAY        T             2.37 1898   0.16  -0.16      T
  MONTH TO DATE    T                         0.16  -0.16      T
  SINCE MAR 1      4.17                      6.23  -2.06     5.54
  SINCE JAN 1      6.35                      8.76  -2.41     7.29

SNOWFALL (IN)
  YESTERDAY        0.0           T    1909   0.0    0.0      0.0
  MONTH TO DATE    0.0                       0.0    0.0      0.0
  SINCE MAR 1      T                         2.6   -2.6      3.6
  SINCE JUL 1     14.2                      18.8   -4.6     26.2
  SNOW DEPTH       0

DEGREE DAYS
 HEATING
  YESTERDAY        5                         6     -1       17
  MONTH TO DATE    5                         6     -1       17
  SINCE MAR 1    811                       981   -170     1123
  SINCE JUL 1   5025                      5026     -1     5689

 COOLING
  YESTERDAY        0                         1     -1        0
  MONTH TO DATE    0                         1     -1        0
  SINCE MAR 1      9                        29    -20        9
  SINCE JAN 1      9                        29    -20        9
..................................................................


WIND (MPH)
  HIGHEST WIND SPEED    15   HIGHEST WIND DIRECTION    SE (120)
  HIGHEST GUST SPEED    20   HIGHEST GUST DIRECTION    SE (150)
  AVERAGE WIND SPEED     7.9


SKY COVER
  POSSIBLE SUNSHINE  MM
  AVERAGE SKY COVER 0.5


WEATHER CONDITIONS
 THE FOLLOWING WEATHER WAS RECORDED YESTERDAY.
  LIGHT RAIN
  HAZE


RELATIVE HUMIDITY (PERCENT)
 HIGHEST    76           600 AM
 LOWEST     29           400 PM
 AVERAGE    53

..........................................................


THE KANSAS CITY INTERNATIONAL MO CLIMATE NORMALS FOR TODAY
                         NORMAL    RECORD    YEAR
 MAXIMUM TEMPERATURE (F)   71        91      1968
 MINIMUM TEMPERATURE (F)   50        31      2005


SUNRISE AND SUNSET
MAY  2 2015...........SUNRISE   619 AM CDT   SUNSET   813 PM CDT
MAY  3 2015...........SUNRISE   618 AM CDT   SUNSET   814 PM CDT


-  INDICATES NEGATIVE NUMBERS.
R  INDICATES RECORD WAS SET OR TIED.
MM INDICATES DATA IS MISSING.
T  INDICATES TRACE AMOUNT.




&&

...MISCELLANEOUS CLIMATE DATA FROM YESTERDAY...

LOCATION                HIGH    LOW      PRECIP
ST. JOSEPH               77      44       0.00
DOWNTOWN KANSAS CITY     77      51       0.00
OLATHE NEW CENTURY       76      47       0.00
OLATHE JO CO EXEC        75      49       0.00
LEES SUMMIT              74      51       0.00
KIRKSVILLE               72      37       T
CHILLICOTHE              74      41       0.00
SEDALIA                  74      41       0.00
NWS PLEASANT HILL MO     73      46       0.00


THIS PRODUCT...ALONG WITH OTHER WEATHER...HYDROLOGICAL AND CLIMATE
INFORMATION...IS AVAILABLE ON THE WEB AT HTTP://WWW.CRH.NOAA.GOV/EAX
OR AT HTTP://WEATHER.GOV

$$

CDB
