000
CDUS43 KEAX 040037
CLIMCI

CLIMATE REPORT
NATIONAL WEATHER SERVICE KANSAS CITY/PLEASANT HILL MO
736 PM CDT SUN MAY 3 2015


...................................

...THE KANSAS CITY INTERNATIONAL MO CLIMATE SUMMARY FOR MAY 3 2015...
VALID TODAY AS OF 0700 PM LOCAL TIME.

CLIMATE NORMAL PERIOD 1981 TO 2010
CLIMATE RECORD PERIOD 1888 TO 2015


WEATHER ITEM   OBSERVED TIME   RECORD YEAR NORMAL DEPARTURE LAST
                VALUE   (LST)  VALUE       VALUE  FROM      YEAR
                                                  NORMAL
..................................................................
TEMPERATURE (F)
 TODAY
  MAXIMUM         83    136 PM  90    1895  71     12       77
  MINIMUM         61    600 AM  30    1976  50     11       50
  AVERAGE         72                        61     11       64

PRECIPITATION (IN)
  TODAY            T             2.04 1987   0.17  -0.17     0.00
  MONTH TO DATE    0.03                      0.50  -0.47      T
  SINCE MAR 1      4.20                      6.57  -2.37     5.54
  SINCE JAN 1      6.38                      9.10  -2.72     7.29

SNOWFALL (IN)
  TODAY            0.0           1.7  1907   0.0    0.0      0.0
  MONTH TO DATE    0.0                       0.0    0.0      0.0
  SINCE MAR 1      T                         2.6   -2.6      3.6
  SINCE JUL 1     14.2                      18.8   -4.6     26.2
  SNOW DEPTH       0

DEGREE DAYS
 HEATING
  TODAY            0                         6     -6        1
  MONTH TO DATE    5                        18    -13       28
  SINCE MAR 1    811                       993   -182     1134
  SINCE JUL 1   5025                      5038    -13     5700

 COOLING
  TODAY            7                         1      6        0
  MONTH TO DATE    7                         3      4        0
  SINCE MAR 1     16                        31    -15        9
  SINCE JAN 1     16                        31    -15        9
..................................................................


WIND (MPH)
  HIGHEST WIND SPEED    29   HIGHEST WIND DIRECTION     S (190)
  HIGHEST GUST SPEED    40   HIGHEST GUST DIRECTION     S (190)
  AVERAGE WIND SPEED    19.6


SKY COVER
  POSSIBLE SUNSHINE  MM
  AVERAGE SKY COVER 0.8


WEATHER CONDITIONS
 THE FOLLOWING WEATHER WAS RECORDED TODAY.
  LIGHT RAIN


RELATIVE HUMIDITY (PERCENT)
 HIGHEST    68           800 AM
 LOWEST     45           100 PM
 AVERAGE    57

..........................................................


THE KANSAS CITY INTERNATIONAL MO CLIMATE NORMALS FOR TOMORROW
                         NORMAL    RECORD    YEAR
 MAXIMUM TEMPERATURE (F)   71        92      1952
 MINIMUM TEMPERATURE (F)   51        27      1907


SUNRISE AND SUNSET
MAY  3 2015...........SUNRISE   618 AM CDT   SUNSET   814 PM CDT
MAY  4 2015...........SUNRISE   617 AM CDT   SUNSET   815 PM CDT


-  INDICATES NEGATIVE NUMBERS.
R  INDICATES RECORD WAS SET OR TIED.
MM INDICATES DATA IS MISSING.
T  INDICATES TRACE AMOUNT.




&&

...MISCELLANEOUS CLIMATE DATA FROM TODAY...

LOCATION                HIGH    LOW      PRECIP
ST. JOSEPH               85      58       0.00
DOWNTOWN KANSAS CITY     84      64       0.00
OLATHE NEW CENTURY       83      59       T
OLATHE JO CO EXEC        81      61       T
LEES SUMMIT              81      62       0.00
KIRKSVILLE               82      53       0.00
CHILLICOTHE              84      58       0.00
SEDALIA                  83      58       0.00
NWS PLEASANT HILL MO     81      59       T


THIS PRODUCT...ALONG WITH OTHER WEATHER...HYDROLOGICAL AND CLIMATE
INFORMATION...IS AVAILABLE ON THE WEB AT HTTP://WWW.CRH.NOAA.GOV/EAX
OR AT HTTP://WEATHER.GOV

$$

PM
