000
CDUS43 KEAX 150641
CLIMCI

CLIMATE REPORT
NATIONAL WEATHER SERVICE KANSAS CITY/PLEASANT HILL MO
141 AM CDT WED APR 15 2015


...................................

...THE KANSAS CITY INTERNATIONAL MO CLIMATE SUMMARY FOR APRIL 14 2015...

CLIMATE NORMAL PERIOD 1981 TO 2010
CLIMATE RECORD PERIOD 1888 TO 2015


WEATHER ITEM   OBSERVED TIME   RECORD YEAR NORMAL DEPARTURE LAST
                VALUE   (LST)  VALUE       VALUE  FROM      YEAR
                                                  NORMAL
..................................................................
TEMPERATURE (F)
 YESTERDAY
  MAXIMUM         67    149 PM  92    1972  65      2       44
  MINIMUM         48    502 AM  25    1928  44      4       30
  AVERAGE         58                        54      4       37

PRECIPITATION (IN)
  YESTERDAY        T             1.75 1999   0.12  -0.12     0.02
  MONTH TO DATE    1.62                      1.48   0.14     1.24
  SINCE MAR 1      2.50                      3.85  -1.35     2.85
  SINCE JAN 1      4.68                      6.38  -1.70     4.60

SNOWFALL (IN)
  YESTERDAY        0.0           1.0  1996   0.0    0.0      0.1
  MONTH TO DATE    0.0                       0.4   -0.4      0.1
  SINCE MAR 1      T                         2.4   -2.4      3.6
  SINCE JUL 1     14.2                      18.6   -4.4     26.2
  SNOW DEPTH       0

DEGREE DAYS
 HEATING
  YESTERDAY        7                        11     -4       28
  MONTH TO DATE  105                       187    -82      202
  SINCE MAR 1    667                       833   -166      967
  SINCE JUL 1   4881                      4878      3     5533

 COOLING
  YESTERDAY        0                         1     -1        0
  MONTH TO DATE    6                         8     -2        6
  SINCE MAR 1      8                        11     -3        6
  SINCE JAN 1      8                        11     -3        6
..................................................................


WIND (MPH)
  HIGHEST WIND SPEED    20   HIGHEST WIND DIRECTION    SE (120)
  HIGHEST GUST SPEED    26   HIGHEST GUST DIRECTION     E (100)
  AVERAGE WIND SPEED     9.5


SKY COVER
  POSSIBLE SUNSHINE  MM
  AVERAGE SKY COVER 0.8


WEATHER CONDITIONS
 THE FOLLOWING WEATHER WAS RECORDED YESTERDAY.
  LIGHT RAIN


RELATIVE HUMIDITY (PERCENT)
 HIGHEST    61           400 AM
 LOWEST     26          1200 PM
 AVERAGE    44

..........................................................


THE KANSAS CITY INTERNATIONAL MO CLIMATE NORMALS FOR TODAY
                         NORMAL    RECORD    YEAR
 MAXIMUM TEMPERATURE (F)   66        88      2002
                                             1924
 MINIMUM TEMPERATURE (F)   44        22      1983


SUNRISE AND SUNSET
APRIL 15 2015.........SUNRISE   642 AM CDT   SUNSET   756 PM CDT
APRIL 16 2015.........SUNRISE   641 AM CDT   SUNSET   757 PM CDT


-  INDICATES NEGATIVE NUMBERS.
R  INDICATES RECORD WAS SET OR TIED.
MM INDICATES DATA IS MISSING.
T  INDICATES TRACE AMOUNT.



&&

...MISCELLANEOUS CLIMATE DATA FROM YESTERDAY...

LOCATION                HIGH    LOW      PRECIP
ST. JOSEPH               69      38       T
DOWNTOWN KANSAS CITY     71      50       T
OLATHE NEW CENTURY       68      45       0.00
OLATHE JO CO EXEC        69      50       0.00
LEES SUMMIT              68      50       T
KIRKSVILLE               68      42       0.00
CHILLICOTHE              68      46       0.00
SEDALIA                  70      51       T
NWS PLEASANT HILL MO     69      49       T


THIS PRODUCT...ALONG WITH OTHER WEATHER...HYDROLOGICAL AND CLIMATE
INFORMATION...IS AVAILABLE ON THE WEB AT HTTP://WWW.CRH.NOAA.GOV/EAX
OR AT HTTP://WEATHER.GOV

$$
